{"id":1463,"date":"2023-07-12T16:23:25","date_gmt":"2023-07-12T19:23:25","guid":{"rendered":"http:\/\/15.229.165.18\/?page_id=1463"},"modified":"2023-07-20T16:48:43","modified_gmt":"2023-07-20T19:48:43","slug":"marketing-juridico","status":"publish","type":"page","link":"https:\/\/aprovacao.website\/oab\/marketing-juridico\/","title":{"rendered":"MARKETING JUR\u00cdDICO"},"content":{"rendered":"\n  <div class=\"banner has-hover hide-for-medium\" id=\"banner-1034831983\">\n          <div class=\"banner-inner fill\">\n        <div class=\"banner-bg fill\" >\n            <img loading=\"lazy\" decoding=\"async\" width=\"1620\" height=\"250\" src=\"https:\/\/aprovacao.website\/oab\/wp-content\/uploads\/2023\/07\/OAB-SP-marketplace-header-3-categorias-1.png\" class=\"bg attachment-original size-original\" alt=\"\" \/>                                    \n                    <\/div>\n\t\t\n        <div class=\"banner-layers container\">\n            <div class=\"fill banner-link\"><\/div>            \n   <div id=\"text-box-875129171\" class=\"text-box banner-layer x50 md-x0 lg-x0 y100 md-y50 lg-y50 res-text\">\n                                <div class=\"text-box-content text dark\">\n              \n              <div class=\"text-inner text-left\">\n                  \n<h3><strong>MARKETING JUR\u00cdDICO<\/strong><\/h3>\n              <\/div>\n           <\/div>\n                            \n<style>\n#text-box-875129171 .text-box-content {\n  background-color: rgba(84, 84, 84, 0);\n  border-radius: 23px;\n  font-size: 152%;\n}\n#text-box-875129171 .text-inner {\n  padding: 40px 26px 41px 27px;\n}\n#text-box-875129171 {\n  width: 100%;\n}\n@media (min-width:550px) {\n  #text-box-875129171 {\n    width: 60%;\n  }\n  #text-box-875129171 .text-box-content {\n    font-size: 100%;\n  }\n}\n<\/style>\n    <\/div>\n \n        <\/div>\n      <\/div>\n\n            \n<style>\n#banner-1034831983 {\n  padding-top: 605px;\n}\n#banner-1034831983 .banner-bg img {\n  object-position: 87% 80%;\n}\n@media (min-width:550px) {\n  #banner-1034831983 {\n    padding-top: 200px;\n  }\n}\n<\/style>\n  <\/div>\n\n\n\n\t<section class=\"section\" id=\"section_922639890\">\n\t\t<div class=\"section-bg fill\" >\n\t\t\t\t\t\t\t\t\t\n\t\t\t\n\n\t\t<\/div>\n\n\t\t\n\n\t\t<div class=\"section-content relative\">\n\t\t\t\n\t<div id=\"gap-721624032\" class=\"gap-element clearfix\" style=\"display:block; height:auto;\">\n\t\t\n<style>\n#gap-721624032 {\n  padding-top: 30px;\n}\n<\/style>\n\t<\/div>\n\t\n<div class=\"row\"  id=\"row-1204329369\">\n\n\t<div id=\"col-132584531\" class=\"col medium-6 small-12 large-6\"  >\n\t\t\t\t<div class=\"col-inner\"  >\n\t\t\t\n\t\t\t\n<p><strong>O QUE \u00c9 E PARA QUE SERVE<\/strong><\/p>\n<p>O Marketing Jur\u00eddico \u00e9 um conjunto de estrat\u00e9gias e a\u00e7\u00f5es planejadas voltadas para o ramo da advocacia, com o objetivo de alcan\u00e7ar metas e objetivos de neg\u00f3cio.<\/p>\n<p>Essas estrat\u00e9gias incluem a cria\u00e7\u00e3o de uma marca jur\u00eddica forte, o estabelecimento de um posicionamento de mercado, a identifica\u00e7\u00e3o do p\u00fablico-alvo, a divulga\u00e7\u00e3o de servi\u00e7os e a constru\u00e7\u00e3o de relacionamentos com clientes e parceiros.<\/p>\n<p>O Marketing Jur\u00eddico tem como finalidade promover a visibilidade e a reputa\u00e7\u00e3o dos escrit\u00f3rios de advocacia, auxiliando-os a atrair e reter clientes sempre de forma \u00e9tica, destacar-se no mercado competitivo e fortalecer sua presen\u00e7a online e offline.<\/p>\n\t\t<\/div>\n\t\t\t\t\t<\/div>\n\n\t\n\n\t<div id=\"col-684895994\" class=\"col medium-6 small-12 large-6\"  >\n\t\t\t\t<div class=\"col-inner\"  >\n\t\t\t\n\t\t\t\n<p><strong>RESULTADOS ESPERADOS<\/strong><\/p>\n<p>Os servi\u00e7os de Marketing Jur\u00eddico oferecem uma s\u00e9rie de vantagens e resultados esperados para escrit\u00f3rios de advocacia e advogados aut\u00f4nomos, incluindo:<\/p>\n<ul>\n<li>Aumento da visibilidade e reconhecimento da marca jur\u00eddica;<\/li>\n<li>Gera\u00e7\u00e3o de novos leads e oportunidades de neg\u00f3cio;<\/li>\n<li>Melhoria na aquisi\u00e7\u00e3o e reten\u00e7\u00e3o de clientes de forma \u00e9tica;<\/li>\n<li>Fortalecimento da reputa\u00e7\u00e3o e autoridade no mercado jur\u00eddico;<\/li>\n<li>Posicionamento estrat\u00e9gico para se diferenciar da concorr\u00eancia;<\/li>\n<li>Participa\u00e7\u00e3o em rankings e publica\u00e7\u00f5es especializadas, como forma de reconhecimento da excel\u00eancia do escrit\u00f3rio;<\/li>\n<li>Melhoria na comunica\u00e7\u00e3o e relacionamento com os clientes;<\/li>\n<li>Crescimento e rentabilidade do escrit\u00f3rio de advocacia;<\/li>\n<li>Expans\u00e3o da presen\u00e7a online, por meio de estrat\u00e9gias de marketing digital;<\/li>\n<li>Aumento da confian\u00e7a e fidelidade dos clientes.<\/li>\n<\/ul>\n\t\t<\/div>\n\t\t\t\t\t<\/div>\n\n\t\n<\/div>\n\t\t<\/div>\n\n\t\t\n<style>\n#section_922639890 {\n  padding-top: 0px;\n  padding-bottom: 0px;\n  min-height: 0px;\n}\n<\/style>\n\t<\/section>\n\t\n\n<div class=\"container section-title-container\" ><h1 class=\"section-title section-title-center\"><b><\/b><span class=\"section-title-main\" >Empresas<\/span><b><\/b><\/h1><\/div>\n\n  \n    <div class=\"row large-columns-3 medium-columns-1 small-columns-1 has-shadow row-box-shadow-1\" >\n  <div class=\"col post-item\" >\n\t\t\t<div class=\"col-inner\">\n\t\t\t\t<div class=\"box box-bounce box-text-bottom box-blog-post has-hover\">\n            \t\t\t\t\t<div class=\"box-image\" >\n  \t\t\t\t\t\t<div class=\"image-cover\" style=\"padding-top:56.25%;\">\n\t\t\t\t\t\t\t<a href=\"https:\/\/aprovacao.website\/oab\/jurisoft\/\" class=\"plain\" aria-label=\"JURISOFT\">\n\t\t\t\t\t\t\t\t<img loading=\"lazy\" decoding=\"async\" width=\"300\" height=\"300\" src=\"https:\/\/aprovacao.website\/oab\/wp-content\/uploads\/2024\/08\/Logotipos-Jurisoft-fundo-branco-1-300x300.jpg\" class=\"attachment-medium size-medium wp-post-image\" alt=\"\" srcset=\"https:\/\/aprovacao.website\/oab\/wp-content\/uploads\/2024\/08\/Logotipos-Jurisoft-fundo-branco-1-300x300.jpg 300w, https:\/\/aprovacao.website\/oab\/wp-content\/uploads\/2024\/08\/Logotipos-Jurisoft-fundo-branco-1-1024x1024.jpg 1024w, https:\/\/aprovacao.website\/oab\/wp-content\/uploads\/2024\/08\/Logotipos-Jurisoft-fundo-branco-1-150x150.jpg 150w, https:\/\/aprovacao.website\/oab\/wp-content\/uploads\/2024\/08\/Logotipos-Jurisoft-fundo-branco-1-768x768.jpg 768w, https:\/\/aprovacao.website\/oab\/wp-content\/uploads\/2024\/08\/Logotipos-Jurisoft-fundo-branco-1-1536x1536.jpg 1536w, https:\/\/aprovacao.website\/oab\/wp-content\/uploads\/2024\/08\/Logotipos-Jurisoft-fundo-branco-1-2048x2048.jpg 2048w\" sizes=\"auto, (max-width: 300px) 100vw, 300px\" \/>\t\t\t\t\t\t\t<\/a>\n  \t\t\t\t\t\t\t  \t\t\t\t\t\t\t  \t\t\t\t\t\t<\/div>\n  \t\t\t\t\t\t  \t\t\t\t\t<\/div>\n          \t\t\t\t\t<div class=\"box-text text-left\" >\n\t\t\t\t\t<div class=\"box-text-inner blog-post-inner\">\n\n\t\t\t\t\t\n\t\t\t\t\t\t\t\t\t\t<h5 class=\"post-title is-large \">\n\t\t\t\t\t\t<a href=\"https:\/\/aprovacao.website\/oab\/jurisoft\/\" class=\"plain\">JURISOFT<\/a>\n\t\t\t\t\t<\/h5>\n\t\t\t\t\t\t\t\t\t\t<div class=\"is-divider\"><\/div>\n\t\t\t\t\t\t\t\t\t\t<p class=\"from_the_blog_excerpt \">\n\t\t\t\t\t\tA Jurisoft \u00e9 uma empresa de marketing jur\u00eddico que trabalha todos os dias para transformar[+]\t\t\t\t\t<\/p>\n\t\t\t\t\t                    \n\t\t\t\t\t\n\t\t\t\t\t\n\t\t\t\t\t<\/div>\n\t\t\t\t\t<\/div>\n\t\t\t\t\t\t\t\t\t<\/div>\n\t\t\t<\/div>\n\t\t<\/div><div class=\"col post-item\" >\n\t\t\t<div class=\"col-inner\">\n\t\t\t\t<div class=\"box box-bounce box-text-bottom box-blog-post has-hover\">\n            \t\t\t\t\t<div class=\"box-image\" >\n  \t\t\t\t\t\t<div class=\"image-cover\" style=\"padding-top:56.25%;\">\n\t\t\t\t\t\t\t<a href=\"https:\/\/aprovacao.website\/oab\/notorius\/\" class=\"plain\" aria-label=\"Notorius Marketing\">\n\t\t\t\t\t\t\t\t<img loading=\"lazy\" decoding=\"async\" width=\"300\" height=\"300\" src=\"https:\/\/aprovacao.website\/oab\/wp-content\/uploads\/2024\/07\/Advocacia-Trabalhista-300x300.png\" class=\"attachment-medium size-medium wp-post-image\" alt=\"\" srcset=\"https:\/\/aprovacao.website\/oab\/wp-content\/uploads\/2024\/07\/Advocacia-Trabalhista-300x300.png 300w, https:\/\/aprovacao.website\/oab\/wp-content\/uploads\/2024\/07\/Advocacia-Trabalhista-1024x1024.png 1024w, https:\/\/aprovacao.website\/oab\/wp-content\/uploads\/2024\/07\/Advocacia-Trabalhista-150x150.png 150w, https:\/\/aprovacao.website\/oab\/wp-content\/uploads\/2024\/07\/Advocacia-Trabalhista-768x768.png 768w, https:\/\/aprovacao.website\/oab\/wp-content\/uploads\/2024\/07\/Advocacia-Trabalhista.png 1080w\" sizes=\"auto, (max-width: 300px) 100vw, 300px\" \/>\t\t\t\t\t\t\t<\/a>\n  \t\t\t\t\t\t\t  \t\t\t\t\t\t\t  \t\t\t\t\t\t<\/div>\n  \t\t\t\t\t\t  \t\t\t\t\t<\/div>\n          \t\t\t\t\t<div class=\"box-text text-left\" >\n\t\t\t\t\t<div class=\"box-text-inner blog-post-inner\">\n\n\t\t\t\t\t\n\t\t\t\t\t\t\t\t\t\t<h5 class=\"post-title is-large \">\n\t\t\t\t\t\t<a href=\"https:\/\/aprovacao.website\/oab\/notorius\/\" class=\"plain\">Notorius Marketing<\/a>\n\t\t\t\t\t<\/h5>\n\t\t\t\t\t\t\t\t\t\t<div class=\"is-divider\"><\/div>\n\t\t\t\t\t\t\t\t\t\t<p class=\"from_the_blog_excerpt \">\n\t\t\t\t\t\tA NOTORIUS \u00e9 uma lawtech que tem por finalidade tornar acess\u00edvel, aos pequenos escrit\u00f3rios de[+]\t\t\t\t\t<\/p>\n\t\t\t\t\t                    \n\t\t\t\t\t\n\t\t\t\t\t\n\t\t\t\t\t<\/div>\n\t\t\t\t\t<\/div>\n\t\t\t\t\t\t\t\t\t<\/div>\n\t\t\t<\/div>\n\t\t<\/div><div class=\"col post-item\" >\n\t\t\t<div class=\"col-inner\">\n\t\t\t\t<div class=\"box box-bounce box-text-bottom box-blog-post has-hover\">\n            \t\t\t\t\t<div class=\"box-image\" >\n  \t\t\t\t\t\t<div class=\"image-cover\" style=\"padding-top:56.25%;\">\n\t\t\t\t\t\t\t<a href=\"https:\/\/aprovacao.website\/oab\/agencia-trampo\/\" class=\"plain\" aria-label=\"AG\u00caNCIA TRAMPO\">\n\t\t\t\t\t\t\t\t<img loading=\"lazy\" decoding=\"async\" width=\"300\" height=\"300\" src=\"https:\/\/aprovacao.website\/oab\/wp-content\/uploads\/2024\/02\/Logo-trampo-300x300.png\" class=\"attachment-medium size-medium wp-post-image\" alt=\"logo agencia trampo\" srcset=\"https:\/\/aprovacao.website\/oab\/wp-content\/uploads\/2024\/02\/Logo-trampo-300x300.png 300w, https:\/\/aprovacao.website\/oab\/wp-content\/uploads\/2024\/02\/Logo-trampo-150x150.png 150w, https:\/\/aprovacao.website\/oab\/wp-content\/uploads\/2024\/02\/Logo-trampo.png 500w\" sizes=\"auto, (max-width: 300px) 100vw, 300px\" \/>\t\t\t\t\t\t\t<\/a>\n  \t\t\t\t\t\t\t  \t\t\t\t\t\t\t  \t\t\t\t\t\t<\/div>\n  \t\t\t\t\t\t  \t\t\t\t\t<\/div>\n          \t\t\t\t\t<div class=\"box-text text-left\" >\n\t\t\t\t\t<div class=\"box-text-inner blog-post-inner\">\n\n\t\t\t\t\t\n\t\t\t\t\t\t\t\t\t\t<h5 class=\"post-title is-large \">\n\t\t\t\t\t\t<a href=\"https:\/\/aprovacao.website\/oab\/agencia-trampo\/\" class=\"plain\">AG\u00caNCIA TRAMPO<\/a>\n\t\t\t\t\t<\/h5>\n\t\t\t\t\t\t\t\t\t\t<div class=\"is-divider\"><\/div>\n\t\t\t\t\t\t\t\t\t\t<p class=\"from_the_blog_excerpt \">\n\t\t\t\t\t\tA Ag\u00eancia Trampo \u00e9 uma ag\u00eancia de marketing e estrat\u00e9gias digitais com longa atua\u00e7\u00e3o junto[+]\t\t\t\t\t<\/p>\n\t\t\t\t\t                    \n\t\t\t\t\t\n\t\t\t\t\t\n\t\t\t\t\t<\/div>\n\t\t\t\t\t<\/div>\n\t\t\t\t\t\t\t\t\t<\/div>\n\t\t\t<\/div>\n\t\t<\/div><div class=\"col post-item\" >\n\t\t\t<div class=\"col-inner\">\n\t\t\t\t<div class=\"box box-bounce box-text-bottom box-blog-post has-hover\">\n            \t\t\t\t\t<div class=\"box-image\" >\n  \t\t\t\t\t\t<div class=\"image-cover\" style=\"padding-top:56.25%;\">\n\t\t\t\t\t\t\t<a href=\"https:\/\/aprovacao.website\/oab\/in-company\/\" class=\"plain\" aria-label=\"IN COMPANY\">\n\t\t\t\t\t\t\t\t<img loading=\"lazy\" decoding=\"async\" width=\"300\" height=\"213\" src=\"https:\/\/aprovacao.website\/oab\/wp-content\/uploads\/2023\/07\/Incompany_COMBG-300x213.png\" class=\"attachment-medium size-medium wp-post-image\" alt=\"\" srcset=\"https:\/\/aprovacao.website\/oab\/wp-content\/uploads\/2023\/07\/Incompany_COMBG-300x213.png 300w, https:\/\/aprovacao.website\/oab\/wp-content\/uploads\/2023\/07\/Incompany_COMBG.png 484w\" sizes=\"auto, (max-width: 300px) 100vw, 300px\" \/>\t\t\t\t\t\t\t<\/a>\n  \t\t\t\t\t\t\t  \t\t\t\t\t\t\t  \t\t\t\t\t\t<\/div>\n  \t\t\t\t\t\t  \t\t\t\t\t<\/div>\n          \t\t\t\t\t<div class=\"box-text text-left\" >\n\t\t\t\t\t<div class=\"box-text-inner blog-post-inner\">\n\n\t\t\t\t\t\n\t\t\t\t\t\t\t\t\t\t<h5 class=\"post-title is-large \">\n\t\t\t\t\t\t<a href=\"https:\/\/aprovacao.website\/oab\/in-company\/\" class=\"plain\">IN COMPANY<\/a>\n\t\t\t\t\t<\/h5>\n\t\t\t\t\t\t\t\t\t\t<div class=\"is-divider\"><\/div>\n\t\t\t\t\t\t\t\t\t\t<p class=\"from_the_blog_excerpt \">\n\t\t\t\t\t\tA In Company, originada como uma empresa incubada no ISAE\/FGV em Curitiba, PR, em 2005,[+]\t\t\t\t\t<\/p>\n\t\t\t\t\t                    \n\t\t\t\t\t\n\t\t\t\t\t\n\t\t\t\t\t<\/div>\n\t\t\t\t\t<\/div>\n\t\t\t\t\t\t\t\t\t<\/div>\n\t\t\t<\/div>\n\t\t<\/div><\/div>\n","protected":false},"excerpt":{"rendered":"","protected":false},"author":1,"featured_media":0,"parent":0,"menu_order":0,"comment_status":"closed","ping_status":"closed","template":"page-blank.php","meta":{"footnotes":""},"class_list":["post-1463","page","type-page","status-publish","hentry"],"_links":{"self":[{"href":"https:\/\/aprovacao.website\/oab\/wp-json\/wp\/v2\/pages\/1463","targetHints":{"allow":["GET"]}}],"collection":[{"href":"https:\/\/aprovacao.website\/oab\/wp-json\/wp\/v2\/pages"}],"about":[{"href":"https:\/\/aprovacao.website\/oab\/wp-json\/wp\/v2\/types\/page"}],"author":[{"embeddable":true,"href":"https:\/\/aprovacao.website\/oab\/wp-json\/wp\/v2\/users\/1"}],"replies":[{"embeddable":true,"href":"https:\/\/aprovacao.website\/oab\/wp-json\/wp\/v2\/comments?post=1463"}],"version-history":[{"count":3,"href":"https:\/\/aprovacao.website\/oab\/wp-json\/wp\/v2\/pages\/1463\/revisions"}],"predecessor-version":[{"id":1738,"href":"https:\/\/aprovacao.website\/oab\/wp-json\/wp\/v2\/pages\/1463\/revisions\/1738"}],"wp:attachment":[{"href":"https:\/\/aprovacao.website\/oab\/wp-json\/wp\/v2\/media?parent=1463"}],"curies":[{"name":"wp","href":"https:\/\/api.w.org\/{rel}","templated":true}]}}