{"id":14,"date":"2022-09-05T14:44:15","date_gmt":"2022-09-05T14:44:15","guid":{"rendered":"http:\/\/15.229.165.18\/?page_id=14"},"modified":"2024-11-25T09:54:33","modified_gmt":"2024-11-25T12:54:33","slug":"quem-somos","status":"publish","type":"page","link":"https:\/\/aprovacao.website\/oab\/quem-somos\/","title":{"rendered":"Sobre"},"content":{"rendered":"\n  <div class=\"banner has-hover\" id=\"banner-1481580656\">\n          <div class=\"banner-inner fill\">\n        <div class=\"banner-bg fill\" >\n            <img loading=\"lazy\" decoding=\"async\" width=\"1620\" height=\"250\" src=\"https:\/\/aprovacao.website\/oab\/wp-content\/uploads\/2023\/07\/OAB-SP-marketplace-header-2-sobre.png\" class=\"bg attachment-original size-original\" alt=\"\" \/>                                    \n                    <\/div>\n\t\t\n        <div class=\"banner-layers container\">\n            <div class=\"fill banner-link\"><\/div>            \n   <div id=\"text-box-762437805\" class=\"text-box banner-layer x50 md-x0 lg-x0 y100 md-y50 lg-y50 res-text\">\n                                <div class=\"text-box-content text dark\">\n              \n              <div class=\"text-inner text-left\">\n                  \n<h3><strong>SOBRE O MARKETPLACE<\/strong><br \/><strong>DE LAWTECHS OAB SP<\/strong><\/h3>\n              <\/div>\n           <\/div>\n                            \n<style>\n#text-box-762437805 .text-box-content {\n  background-color: rgba(84, 84, 84, 0);\n  border-radius: 23px;\n  font-size: 152%;\n}\n#text-box-762437805 .text-inner {\n  padding: 40px 26px 41px 27px;\n}\n#text-box-762437805 {\n  width: 100%;\n}\n@media (min-width:550px) {\n  #text-box-762437805 {\n    width: 60%;\n  }\n  #text-box-762437805 .text-box-content {\n    font-size: 100%;\n  }\n}\n<\/style>\n    <\/div>\n \n        <\/div>\n      <\/div>\n\n            \n<style>\n#banner-1481580656 {\n  padding-top: 246px;\n}\n#banner-1481580656 .banner-bg img {\n  object-position: 55% 34%;\n}\n@media (min-width:550px) {\n  #banner-1481580656 {\n    padding-top: 200px;\n  }\n}\n<\/style>\n  <\/div>\n\n\n\n\t<section class=\"section\" id=\"section_91095559\">\n\t\t<div class=\"section-bg fill\" >\n\t\t\t\t\t\t\t\t\t\n\t\t\t\n\n\t\t<\/div>\n\n\t\t\n\n\t\t<div class=\"section-content relative\">\n\t\t\t\n<div class=\"row\"  id=\"row-1044530147\">\n\n\t<div id=\"col-1804743551\" class=\"col medium-2 small-12 large-2\"  >\n\t\t\t\t<div class=\"col-inner\"  >\n\t\t\t\n\t\t\t\n\t\t<\/div>\n\t\t\t\t\t<\/div>\n\n\t\n\n\t<div id=\"col-1018682880\" class=\"col medium-8 small-12 large-8\"  >\n\t\t\t\t<div class=\"col-inner\"  >\n\t\t\t\n\t\t\t\n\t<div id=\"text-1893306121\" class=\"text\">\n\t\t\n<p>\u00a0<\/p>\n<p>OAB SP apresenta o Marketplace de Lawtechs para impulsionar a pr\u00e1tica profissional dos seus inscritos.<\/p>\n\t\t\n<style>\n#text-1893306121 {\n  text-align: center;\n  color: rgb(0, 0, 0);\n}\n#text-1893306121 > * {\n  color: rgb(0, 0, 0);\n}\n<\/style>\n\t<\/div>\n\t\n\t\t<\/div>\n\t\t\t\t\t<\/div>\n\n\t\n<\/div>\n\t\t<\/div>\n\n\t\t\n<style>\n#section_91095559 {\n  padding-top: 0px;\n  padding-bottom: 0px;\n  background-color: rgb(231, 231, 231);\n}\n<\/style>\n\t<\/section>\n\t\n\n\t<section class=\"section\" id=\"section_1536733473\">\n\t\t<div class=\"section-bg fill\" >\n\t\t\t\t\t\t\t\t\t\n\t\t\t\n\n\t\t<\/div>\n\n\t\t\n\n\t\t<div class=\"section-content relative\">\n\t\t\t\n<div class=\"row\"  id=\"row-1065030312\">\n\n\t<div id=\"col-484386613\" class=\"col small-12 large-12\"  >\n\t\t\t\t<div class=\"col-inner\"  >\n\t\t\t\n\t\t\t\n<p><img loading=\"lazy\" decoding=\"async\" class=\"wp-image-1334 size-full aligncenter\" src=\"http:\/\/15.229.165.18\/wp-content\/uploads\/2023\/07\/sobre.jpg\" alt=\"\" width=\"1070\" height=\"500\" srcset=\"https:\/\/aprovacao.website\/oab\/wp-content\/uploads\/2023\/07\/sobre.jpg 1070w, https:\/\/aprovacao.website\/oab\/wp-content\/uploads\/2023\/07\/sobre-300x140.jpg 300w, https:\/\/aprovacao.website\/oab\/wp-content\/uploads\/2023\/07\/sobre-1024x479.jpg 1024w, https:\/\/aprovacao.website\/oab\/wp-content\/uploads\/2023\/07\/sobre-768x359.jpg 768w\" sizes=\"auto, (max-width: 1070px) 100vw, 1070px\" \/><\/p>\n\t\t<\/div>\n\t\t\t\t\t<\/div>\n\n\t\n\n\t<div id=\"col-556248855\" class=\"col small-12 large-12\"  >\n\t\t\t\t<div class=\"col-inner\"  >\n\t\t\t\n\t\t\t\n<h1><strong>Sejam bem-vind@s<\/strong><\/h1>\n<div>\n<p><span style=\"font-weight: 400;\">A Comiss\u00e3o de Privacidade, Prote\u00e7\u00e3o de Dados e Intelig\u00eancia Artificial da OAB SP tem a imensa satisfa\u00e7\u00e3o de apresentar o MARKETPLACE DA ADVOCACIA. Esta plataforma tem a miss\u00e3o de hospedar uma ampla gama de startups, lawtechs e empresas de tecnologia, todas comprometidas com o prop\u00f3sito comum de oferecer servi\u00e7os digitais e tecnol\u00f3gicos inovadores \u00e0s advogadas, advogados e departamentos jur\u00eddicos de S\u00e3o Paulo. E o melhor de tudo \u00e9 que essas solu\u00e7\u00f5es estar\u00e3o dispon\u00edveis a pre\u00e7os acess\u00edveis e em condi\u00e7\u00f5es mais favor\u00e1veis aos profissionais inscritos na OAB SP.<\/span><\/p>\n<p><span style=\"font-weight: 400;\">A miss\u00e3o do Marketplace da Advocacia \u00e9 simples, por\u00e9m fundamental: proporcionar aos profissionais da \u00e1rea jur\u00eddica a oportunidade de modernizar suas opera\u00e7\u00f5es e adotar os princ\u00edpios da Advocacia 4.0., criando um ecossistema que promove inova\u00e7\u00e3o e tecnologia, concentrando as mais modernas e disruptivas ofertas em uma \u00fanica plataforma centralizada.<\/span><\/p>\n<p><span style=\"font-weight: 400;\">N\u00f3s convidamos voc\u00ea a explorar este novo portal. Nele, voc\u00ea descobrir\u00e1 um universo de inova\u00e7\u00e3o, aberto a todos os profissionais que desejam levar seus servi\u00e7os jur\u00eddicos para o pr\u00f3ximo n\u00edvel. Com pre\u00e7os acess\u00edveis e condi\u00e7\u00f5es facilitadas, o Marketplace se apresenta como um catalisador para a moderniza\u00e7\u00e3o e a inclus\u00e3o na vanguarda da Advocacia 4.0.<\/span><\/p>\n<p><span style=\"font-weight: 400;\">Bem-vindo ao Marketplace da Advocacia!<\/span><\/p>\n<p><span style=\"font-weight: 400;\">Comiss\u00e3o de Privacidade, Prote\u00e7\u00e3o de Dados e Intelig\u00eancia Artificial\u00a0<\/span><\/p>\n<\/div>\n\t\t<\/div>\n\t\t\t\t\t<\/div>\n\n\t\n<\/div>\n\t\t<\/div>\n\n\t\t\n<style>\n#section_1536733473 {\n  padding-top: 0px;\n  padding-bottom: 0px;\n  min-height: 0px;\n}\n<\/style>\n\t<\/section>\n\t\n\n\t<section class=\"section\" id=\"section_525592913\">\n\t\t<div class=\"section-bg fill\" >\n\t\t\t\t\t\t\t\t\t\n\t\t\t\n\n\t\t<\/div>\n\n\t\t\n\n\t\t<div class=\"section-content relative\">\n\t\t\t\n\t<div id=\"gap-1115530765\" class=\"gap-element clearfix\" style=\"display:block; height:auto;\">\n\t\t\n<style>\n#gap-1115530765 {\n  padding-top: 30px;\n}\n<\/style>\n\t<\/div>\n\t\n<div class=\"row\"  id=\"row-1413056026\">\n\n\t<div id=\"col-1306395019\" class=\"col small-12 large-12\"  >\n\t\t\t\t<div class=\"col-inner\"  >\n\t\t\t\n\t\t\t\n\t<div id=\"text-441424533\" class=\"text\">\n\t\t\n<h1><b>Voc\u00ea, profissional do futuro<\/b><\/h1>\n\t\t\n<style>\n#text-441424533 {\n  text-align: center;\n}\n<\/style>\n\t<\/div>\n\t\n\t\t<\/div>\n\t\t\t\t\t<\/div>\n\n\t\n<\/div>\n<div class=\"row\"  id=\"row-1139787402\">\n\n\t<div id=\"col-169736183\" class=\"col medium-6 small-12 large-6\"  >\n\t\t\t\t<div class=\"col-inner\"  >\n\t\t\t\n\t\t\t\n\t<div class=\"img has-hover x md-x lg-x y md-y lg-y\" id=\"image_855804834\">\n\t\t\t\t\t\t\t\t<div class=\"img-inner dark\" >\n\t\t\t<img loading=\"lazy\" decoding=\"async\" width=\"1000\" height=\"1000\" src=\"https:\/\/aprovacao.website\/oab\/wp-content\/uploads\/2023\/07\/Retangulo-69.jpg\" class=\"attachment-large size-large\" alt=\"\" srcset=\"https:\/\/aprovacao.website\/oab\/wp-content\/uploads\/2023\/07\/Retangulo-69.jpg 1000w, https:\/\/aprovacao.website\/oab\/wp-content\/uploads\/2023\/07\/Retangulo-69-300x300.jpg 300w, https:\/\/aprovacao.website\/oab\/wp-content\/uploads\/2023\/07\/Retangulo-69-150x150.jpg 150w, https:\/\/aprovacao.website\/oab\/wp-content\/uploads\/2023\/07\/Retangulo-69-768x768.jpg 768w\" sizes=\"auto, (max-width: 1000px) 100vw, 1000px\" \/>\t\t\t\t\t\t\n\t\t\t\t\t<\/div>\n\t\t\t\t\t\t\t\t\n<style>\n#image_855804834 {\n  width: 100%;\n}\n<\/style>\n\t<\/div>\n\t\n\t\t<\/div>\n\t\t\t\t\t<\/div>\n\n\t\n\n\t<div id=\"col-1784426910\" class=\"col medium-6 small-12 large-6\"  >\n\t\t\t\t<div class=\"col-inner\"  >\n\t\t\t\n\t\t\t\n<p><span style=\"font-weight: 400;\">A transforma\u00e7\u00e3o digital da advocacia est\u00e1 em pleno vigor e o futuro \u00e9 agora. Tecnologias inovadoras est\u00e3o assumindo tarefas operacionais, permitindo que os advogados e advogadas se concentrem em fun\u00e7\u00f5es estrat\u00e9gicas. N\u00e3o fique para tr\u00e1s, abrace as novas possibilidades e destaque-se no mercado.<\/span><\/p>\n<p><span style=\"font-weight: 400;\">Para garantir que voc\u00ea esteja equipado nesta jornada em ritmo acelerado, a OAB SP criou o Marketplace de Lawtechs. Aqui, voc\u00ea encontra um arsenal de ferramentas e servi\u00e7os que ir\u00e3o impulsionar sua carreira, desde gest\u00e3o de documentos at\u00e9 an\u00e1lises preditivas.<\/span><\/p>\n<p><span style=\"font-weight: 400;\">As Lawtechs s\u00e3o aliadas e essenciais para o profissional moderno. A OAB SP est\u00e1 comprometida em apoiar voc\u00ea nesta transi\u00e7\u00e3o rumo \u00e0 uma advocacia mais eficiente e inovadora.<\/span><\/p>\n<a href=\"https:\/\/aprovacao.website\/oab\/\/lawtechs\/\" class=\"button alert is-larger\"  >\n\t\t<span>Conhe\u00e7a as categorias de Lawtechs<\/span>\n\t<\/a>\n\n\t\t<\/div>\n\t\t\t\t\t<\/div>\n\n\t\n<\/div>\n\t\t<\/div>\n\n\t\t\n<style>\n#section_525592913 {\n  padding-top: 0px;\n  padding-bottom: 0px;\n  min-height: 0px;\n}\n<\/style>\n\t<\/section>\n\t\n\n  <div class=\"banner has-hover\" id=\"banner-747963401\">\n          <div class=\"banner-inner fill\">\n        <div class=\"banner-bg fill\" >\n            <img loading=\"lazy\" decoding=\"async\" width=\"1020\" height=\"501\" src=\"https:\/\/aprovacao.website\/oab\/wp-content\/uploads\/2023\/07\/banner2-1024x503.jpg\" class=\"bg attachment-large size-large\" alt=\"\" \/>                        <div class=\"overlay\"><\/div>            \n                    <\/div>\n\t\t\n        <div class=\"banner-layers container\">\n            <a class=\"fill\" href=\"http:\/\/15.229.165.18\/cadastre-se\/\" ><div class=\"fill banner-link\"><\/div><\/a>            \n   <div id=\"text-box-647526967\" class=\"text-box banner-layer x0 md-x0 lg-x0 y15 md-y15 lg-y15 res-text\">\n                                <div class=\"text-box-content text box-shadow-3 dark\">\n              \n              <div class=\"text-inner text-center\">\n                  \n\t<div id=\"text-3082431828\" class=\"text\">\n\t\t\n<h3>Cadastre sua empresa no Marketplace de Lawtechs<\/h3>\n<p><a href=\"http:\/\/15.229.165.18\/cadastre-se\/\">Acesse o formul\u00e1rio<\/a>, preencha os dados e envie para a OAB SP.<\/p>\n\t\t\n<style>\n#text-3082431828 {\n  text-align: left;\n}\n<\/style>\n\t<\/div>\n\t\n<a href=\"https:\/\/aprovacao.website\/oab\/\/cadastre-se\/\" class=\"button primary\"  >\n\t\t<span>Acesse  o formul\u00e1rio<\/span>\n\t<\/a>\n\n              <\/div>\n           <\/div>\n                            \n<style>\n#text-box-647526967 .text-box-content {\n  background-color: rgba(0, 64, 149, 0.82);\n  font-size: 100%;\n}\n#text-box-647526967 .text-inner {\n  padding: 30px 30px 30px 30px;\n}\n#text-box-647526967 {\n  width: 60%;\n}\n@media (min-width:550px) {\n  #text-box-647526967 {\n    width: 53%;\n  }\n}\n<\/style>\n    <\/div>\n \n        <\/div>\n      <\/div>\n\n            \n<style>\n#banner-747963401 {\n  padding-top: 500px;\n}\n#banner-747963401 .overlay {\n  background-color: rgba(0, 0, 0, 0.2);\n}\n<\/style>\n  <\/div>\n\n\n","protected":false},"excerpt":{"rendered":"","protected":false},"author":1,"featured_media":0,"parent":0,"menu_order":0,"comment_status":"closed","ping_status":"closed","template":"page-blank.php","meta":{"footnotes":""},"class_list":["post-14","page","type-page","status-publish","hentry"],"_links":{"self":[{"href":"https:\/\/aprovacao.website\/oab\/wp-json\/wp\/v2\/pages\/14","targetHints":{"allow":["GET"]}}],"collection":[{"href":"https:\/\/aprovacao.website\/oab\/wp-json\/wp\/v2\/pages"}],"about":[{"href":"https:\/\/aprovacao.website\/oab\/wp-json\/wp\/v2\/types\/page"}],"author":[{"embeddable":true,"href":"https:\/\/aprovacao.website\/oab\/wp-json\/wp\/v2\/users\/1"}],"replies":[{"embeddable":true,"href":"https:\/\/aprovacao.website\/oab\/wp-json\/wp\/v2\/comments?post=14"}],"version-history":[{"count":226,"href":"https:\/\/aprovacao.website\/oab\/wp-json\/wp\/v2\/pages\/14\/revisions"}],"predecessor-version":[{"id":2003,"href":"https:\/\/aprovacao.website\/oab\/wp-json\/wp\/v2\/pages\/14\/revisions\/2003"}],"wp:attachment":[{"href":"https:\/\/aprovacao.website\/oab\/wp-json\/wp\/v2\/media?parent=14"}],"curies":[{"name":"wp","href":"https:\/\/api.w.org\/{rel}","templated":true}]}}