{"id":341,"date":"2023-03-23T03:52:09","date_gmt":"2023-03-23T03:52:09","guid":{"rendered":"https:\/\/aprovacao.website\/modus\/?page_id=341"},"modified":"2023-06-16T20:47:01","modified_gmt":"2023-06-16T20:47:01","slug":"sobre","status":"publish","type":"page","link":"https:\/\/aprovacao.website\/modus\/sobre\/","title":{"rendered":"Institucional"},"content":{"rendered":"\t<section class=\"section\" id=\"section_1790956333\">\n\t\t<div class=\"bg section-bg fill bg-fill  bg-loaded\" >\n\n\t\t\t\n\t\t\t\n\t\t\t\n\n\t\t<\/div>\n\n\t\t<div class=\"section-content relative\">\n\t\t\t\n<div class=\"row\"  id=\"row-1061995189\">\n\n\t<div class=\"col medium-2 small-12 large-2\"  >\n\t\t<div class=\"col-inner\"  >\n\t\t\t\n\t\t\t\n\t\t<\/div>\n\t<\/div>\n\n\t\n\n\t<div class=\"col medium-8 small-12 large-8\"  >\n\t\t<div class=\"col-inner\"  >\n\t\t\t\n\t\t\t\n<h2 style=\"text-align: center;\"><span style=\"color: #000000;\">NOSSA HIST\u00d3RIA<\/span><\/h2>\n<p style=\"text-align: center;\"><span style=\"color: #000000;\"><b>MODUS<\/b><b>\u00ae<\/b>, uma empresa fundada em 2009, de\u00a0 abrang\u00eancia nacional com importantes clientes em nossa carteira comercial. Uma organiza\u00e7\u00e3o que se desenvolve com a miss\u00e3o de ser reconhecida por clientes, colaboradores e parceiros como uma empresa de refer\u00eancia e modelo na presta\u00e7\u00e3o de servi\u00e7os de forma\u00e7\u00e3o e especializa\u00e7\u00e3o de profissionais de seguran\u00e7a.<\/span><\/p>\n\t\t<\/div>\n\t<\/div>\n\n\t\n<\/div>\n\t\t<\/div>\n\n\t\t\n<style scope=\"scope\">\n\n#section_1790956333 {\n  padding-top: 30px;\n  padding-bottom: 30px;\n  background-color: rgb(237, 237, 237);\n}\n<\/style>\n\t<\/section>\n\t\n\t<section class=\"section dark\" id=\"section_1406956702\">\n\t\t<div class=\"bg section-bg fill bg-fill  \" >\n\n\t\t\t\n\t\t\t<div class=\"section-bg-overlay absolute fill\"><\/div>\n\t\t\t\n\n\t\t<\/div>\n\n\t\t<div class=\"section-content relative\">\n\t\t\t\n<div class=\"row\"  id=\"row-1493777723\">\n\n\t<div class=\"col medium-2 small-12 large-2\"  >\n\t\t<div class=\"col-inner\"  >\n\t\t\t\n\t\t\t\n\t\t<\/div>\n\t<\/div>\n\n\t\n\n\t<div class=\"col medium-8 small-12 large-8\"  >\n\t\t<div class=\"col-inner\"  >\n\t\t\t\n\t\t\t\n<h2 style=\"text-align: center;\"><b>ENCANTAMOS COM <\/b><b>MULTISSERVI\u00c7OS<\/b><\/h2>\n<p style=\"text-align: center;\">Em suas m\u00e3os encontra-se uma empresa que traduz o modelo de gest\u00e3o integrada com aplica\u00e7\u00e3o de uma metodologia de ensino moderna com recursos t\u00e9cnicos e humanos. Este \u00e9 o nosso<img loading=\"lazy\" decoding=\"async\" class=\"alignnonewp-image-270\" src=\"https:\/\/aprovacao.website\/modus\/wp-content\/uploads\/2023\/03\/logo.webp\" alt=\"\" width=\"67\" height=\"22\" \/>de ser!<\/p>\n\t\t<\/div>\n\t<\/div>\n\n\t\n<\/div>\n\t\t<\/div>\n\n\t\t\n<style scope=\"scope\">\n\n#section_1406956702 {\n  padding-top: 30px;\n  padding-bottom: 30px;\n  background-color: rgb(68, 96, 132);\n}\n#section_1406956702 .section-bg-overlay {\n  background-color: rgba(55, 76, 102, 0.8);\n}\n#section_1406956702 .section-bg.bg-loaded {\n  background-image: url(https:\/\/aprovacao.website\/modus\/wp-content\/uploads\/2023\/04\/2.jpg);\n}\n#section_1406956702 .section-bg {\n  background-position: 100% 14%;\n}\n<\/style>\n\t<\/section>\n\t\n\t<section class=\"section\" id=\"section_1043768068\">\n\t\t<div class=\"bg section-bg fill bg-fill  bg-loaded\" >\n\n\t\t\t\n\t\t\t\n\t\t\t\n\n\t\t<\/div>\n\n\t\t<div class=\"section-content relative\">\n\t\t\t\n<div class=\"row\"  id=\"row-1832681450\">\n\n\t<div class=\"col medium-4 small-12 large-4\"  >\n\t\t<div class=\"col-inner\"  >\n\t\t\t\n\t\t\t\n<div class=\"row\"  id=\"row-1138014788\">\n\n\t<div class=\"col small-12 large-12\"  >\n\t\t<div class=\"col-inner\"  >\n\t\t\t\n\t\t\t\n\n\t\t<div class=\"icon-box featured-box icon-box-top text-left\"  >\n\t\t\t\t\t<div class=\"icon-box-img\" style=\"width: 60px\">\n\t\t\t\t<div class=\"icon\">\n\t\t\t\t\t<div class=\"icon-inner\" >\n\t\t\t\t\t\t<img loading=\"lazy\" decoding=\"async\" width=\"400\" height=\"400\" src=\"https:\/\/aprovacao.website\/modus\/wp-content\/uploads\/2023\/03\/Design-sem-nome-2-400x400.png\" class=\"attachment-medium size-medium\" alt=\"\" srcset=\"https:\/\/aprovacao.website\/modus\/wp-content\/uploads\/2023\/03\/Design-sem-nome-2-400x400.png 400w, https:\/\/aprovacao.website\/modus\/wp-content\/uploads\/2023\/03\/Design-sem-nome-2-800x800.png 800w, https:\/\/aprovacao.website\/modus\/wp-content\/uploads\/2023\/03\/Design-sem-nome-2-280x280.png 280w, https:\/\/aprovacao.website\/modus\/wp-content\/uploads\/2023\/03\/Design-sem-nome-2-768x768.png 768w, https:\/\/aprovacao.website\/modus\/wp-content\/uploads\/2023\/03\/Design-sem-nome-2.png 1024w\" sizes=\"auto, (max-width: 400px) 100vw, 400px\" \/>\t\t\t\t\t<\/div>\n\t\t\t\t<\/div>\n\t\t\t<\/div>\n\t\t\t\t<div class=\"icon-box-text last-reset\">\n\t\t\t<h5 class=\"uppercase\">Miss\u00e3o<\/h5>\t\t\t\t\t\t\n<div id=\"WRchTxt2j\" class=\"BaOVQ8 tz5f0K WRchTxt2j wixui-rich-text\" data-testid=\"richTextElement\">\n<p>Atuar como agente de transforma\u00e7\u00e3o e entrega no desenvolvimento de profissionais de seguran\u00e7a, atrav\u00e9s de uma metodologia de ensino moderna, com integra\u00e7\u00e3o dos processos de treinamentos de excel\u00eancia e alta performance que traduz um modelo de inova\u00e7\u00e3o em capacita\u00e7\u00e3o profissional.<\/p>\n<\/div>\n\t\t<\/div>\n\t<\/div>\n\t\n\t\n\t<div id=\"gap-1121743918\" class=\"gap-element clearfix\" style=\"display:block; height:auto;\">\n\t\t\n<style scope=\"scope\">\n\n#gap-1121743918 {\n  padding-top: 30px;\n}\n<\/style>\n\t<\/div>\n\t\n\t\t<\/div>\n\t<\/div>\n\n\t\n<\/div>\n\t\t<\/div>\n\t<\/div>\n\n\t\n\n\t<div class=\"col medium-4 small-12 large-4\"  >\n\t\t<div class=\"col-inner\"  >\n\t\t\t\n\t\t\t\n<div class=\"row\"  id=\"row-1268580653\">\n\n\t<div class=\"col small-12 large-12\"  >\n\t\t<div class=\"col-inner\"  >\n\t\t\t\n\t\t\t\n\n\t\t<div class=\"icon-box featured-box icon-box-top text-left\"  >\n\t\t\t\t\t<div class=\"icon-box-img\" style=\"width: 60px\">\n\t\t\t\t<div class=\"icon\">\n\t\t\t\t\t<div class=\"icon-inner\" >\n\t\t\t\t\t\t<img loading=\"lazy\" decoding=\"async\" width=\"400\" height=\"400\" src=\"https:\/\/aprovacao.website\/modus\/wp-content\/uploads\/2023\/03\/Design-sem-nome-2-400x400.png\" class=\"attachment-medium size-medium\" alt=\"\" srcset=\"https:\/\/aprovacao.website\/modus\/wp-content\/uploads\/2023\/03\/Design-sem-nome-2-400x400.png 400w, https:\/\/aprovacao.website\/modus\/wp-content\/uploads\/2023\/03\/Design-sem-nome-2-800x800.png 800w, https:\/\/aprovacao.website\/modus\/wp-content\/uploads\/2023\/03\/Design-sem-nome-2-280x280.png 280w, https:\/\/aprovacao.website\/modus\/wp-content\/uploads\/2023\/03\/Design-sem-nome-2-768x768.png 768w, https:\/\/aprovacao.website\/modus\/wp-content\/uploads\/2023\/03\/Design-sem-nome-2.png 1024w\" sizes=\"auto, (max-width: 400px) 100vw, 400px\" \/>\t\t\t\t\t<\/div>\n\t\t\t\t<\/div>\n\t\t\t<\/div>\n\t\t\t\t<div class=\"icon-box-text last-reset\">\n\t\t\t<h5 class=\"uppercase\">Vis\u00e3o<\/h5>\t\t\t\t\t\t\n<div id=\"WRchTxt2j\" class=\"BaOVQ8 tz5f0K WRchTxt2j wixui-rich-text\" data-testid=\"richTextElement\">\n<p>Uma empresa vers\u00e1til com a proposta de agregar valor, crescer com solidez e sustentabilidade, atrav\u00e9s de uma cultura \u00edntegra de trabalho, prezando pela reputa\u00e7\u00e3o e credibilidade da sua marca, consolidando sua posi\u00e7\u00e3o como empresa modelo e refer\u00eancia na presta\u00e7\u00e3o de servi\u00e7o de treinamentos.<\/p>\n<\/div>\n\t\t<\/div>\n\t<\/div>\n\t\n\t\n\t<div id=\"gap-900627498\" class=\"gap-element clearfix\" style=\"display:block; height:auto;\">\n\t\t\n<style scope=\"scope\">\n\n#gap-900627498 {\n  padding-top: 30px;\n}\n<\/style>\n\t<\/div>\n\t\n\t\t<\/div>\n\t<\/div>\n\n\t\n<\/div>\n\t\t<\/div>\n\t<\/div>\n\n\t\n\n\t<div class=\"col medium-4 small-12 large-4\"  >\n\t\t<div class=\"col-inner\"  >\n\t\t\t\n\t\t\t\n<div class=\"row\"  id=\"row-233876186\">\n\n\t<div class=\"col small-12 large-12\"  >\n\t\t<div class=\"col-inner\"  >\n\t\t\t\n\t\t\t\n\n\t\t<div class=\"icon-box featured-box icon-box-top text-left\"  >\n\t\t\t\t\t<div class=\"icon-box-img\" style=\"width: 60px\">\n\t\t\t\t<div class=\"icon\">\n\t\t\t\t\t<div class=\"icon-inner\" >\n\t\t\t\t\t\t<img loading=\"lazy\" decoding=\"async\" width=\"400\" height=\"400\" src=\"https:\/\/aprovacao.website\/modus\/wp-content\/uploads\/2023\/03\/Design-sem-nome-2-400x400.png\" class=\"attachment-medium size-medium\" alt=\"\" srcset=\"https:\/\/aprovacao.website\/modus\/wp-content\/uploads\/2023\/03\/Design-sem-nome-2-400x400.png 400w, https:\/\/aprovacao.website\/modus\/wp-content\/uploads\/2023\/03\/Design-sem-nome-2-800x800.png 800w, https:\/\/aprovacao.website\/modus\/wp-content\/uploads\/2023\/03\/Design-sem-nome-2-280x280.png 280w, https:\/\/aprovacao.website\/modus\/wp-content\/uploads\/2023\/03\/Design-sem-nome-2-768x768.png 768w, https:\/\/aprovacao.website\/modus\/wp-content\/uploads\/2023\/03\/Design-sem-nome-2.png 1024w\" sizes=\"auto, (max-width: 400px) 100vw, 400px\" \/>\t\t\t\t\t<\/div>\n\t\t\t\t<\/div>\n\t\t\t<\/div>\n\t\t\t\t<div class=\"icon-box-text last-reset\">\n\t\t\t<h5 class=\"uppercase\">Valores<\/h5>\t\t\t\t\t\t\n<p><b>Cliente:<\/b> A raz\u00e3o de nossa exist\u00eancia, entender, humanizar e personalizar nosso atendimento, alinha as expectativas e fideliza as rela\u00e7\u00f5es.<br \/><b><\/b><\/p>\n<p><b>Pessoas:<\/b> Somos uma empresa de pessoas que transforma pessoas, por isso, valorizamos o ser humano como um pilar do nosso sucesso.<\/p>\n<p><b>\u00c9tica:<\/b> Rela\u00e7\u00f5es de integridade e transpar\u00eancia s\u00e3o premissas essenciais da nossa empresa.<\/p>\n\t\t<\/div>\n\t<\/div>\n\t\n\t\n\t\t<\/div>\n\t<\/div>\n\n\t\n<\/div>\n\t\t<\/div>\n\t<\/div>\n\n\t\n<\/div>\n\t\t<\/div>\n\n\t\t\n<style scope=\"scope\">\n\n#section_1043768068 {\n  padding-top: 30px;\n  padding-bottom: 30px;\n  background-color: rgb(248, 248, 248);\n}\n<\/style>\n\t<\/section>\n\t\n\t<section class=\"section\" id=\"section_1589787621\">\n\t\t<div class=\"bg section-bg fill bg-fill  bg-loaded\" >\n\n\t\t\t\n\t\t\t\n\t\t\t\n\n\t\t<\/div>\n\n\t\t<div class=\"section-content relative\">\n\t\t\t\n<div class=\"row\"  id=\"row-234395273\">\n\n\t<div class=\"col medium-4 small-12 large-4\"  >\n\t\t<div class=\"col-inner\"  >\n\t\t\t\n\t\t\t\n\n\t\t<div class=\"icon-box featured-box icon-box-right text-right\"  >\n\t\t\t\t\t<div class=\"icon-box-img\" style=\"width: 100px\">\n\t\t\t\t<div class=\"icon\">\n\t\t\t\t\t<div class=\"icon-inner\" >\n\t\t\t\t\t\t<img loading=\"lazy\" decoding=\"async\" width=\"300\" height=\"300\" src=\"https:\/\/aprovacao.website\/modus\/wp-content\/uploads\/2023\/06\/1.png\" class=\"attachment-medium size-medium\" alt=\"\" srcset=\"https:\/\/aprovacao.website\/modus\/wp-content\/uploads\/2023\/06\/1.png 300w, https:\/\/aprovacao.website\/modus\/wp-content\/uploads\/2023\/06\/1-280x280.png 280w\" sizes=\"auto, (max-width: 300px) 100vw, 300px\" \/>\t\t\t\t\t<\/div>\n\t\t\t\t<\/div>\n\t\t\t<\/div>\n\t\t\t\t<div class=\"icon-box-text last-reset\">\n\t\t\t\t\t\t\t\t\t\n<p>Ensino com qualidade, recursos tecnol\u00f3gicos e m\u00e9todos modernos de treinamento.<\/p>\n\t\t<\/div>\n\t<\/div>\n\t\n\t\n\t<div id=\"gap-1009881519\" class=\"gap-element clearfix\" style=\"display:block; height:auto;\">\n\t\t\n<style scope=\"scope\">\n\n#gap-1009881519 {\n  padding-top: 30px;\n}\n<\/style>\n\t<\/div>\n\t\n\n\t\t<div class=\"icon-box featured-box icon-box-right text-right\"  >\n\t\t\t\t\t<div class=\"icon-box-img\" style=\"width: 100px\">\n\t\t\t\t<div class=\"icon\">\n\t\t\t\t\t<div class=\"icon-inner\" >\n\t\t\t\t\t\t<img loading=\"lazy\" decoding=\"async\" width=\"300\" height=\"300\" src=\"https:\/\/aprovacao.website\/modus\/wp-content\/uploads\/2023\/06\/2.png\" class=\"attachment-medium size-medium\" alt=\"\" srcset=\"https:\/\/aprovacao.website\/modus\/wp-content\/uploads\/2023\/06\/2.png 300w, https:\/\/aprovacao.website\/modus\/wp-content\/uploads\/2023\/06\/2-280x280.png 280w\" sizes=\"auto, (max-width: 300px) 100vw, 300px\" \/>\t\t\t\t\t<\/div>\n\t\t\t\t<\/div>\n\t\t\t<\/div>\n\t\t\t\t<div class=\"icon-box-text last-reset\">\n\t\t\t\t\t\t\t\t\t\n<p>Atendimento<br \/>\nhumano<br \/>\ne personalizado.<\/p>\n\t\t<\/div>\n\t<\/div>\n\t\n\t\n\t<div id=\"gap-1992676455\" class=\"gap-element clearfix\" style=\"display:block; height:auto;\">\n\t\t\n<style scope=\"scope\">\n\n#gap-1992676455 {\n  padding-top: 30px;\n}\n<\/style>\n\t<\/div>\n\t\n\n\t\t<div class=\"icon-box featured-box icon-box-right text-right\"  >\n\t\t\t\t\t<div class=\"icon-box-img\" style=\"width: 100px\">\n\t\t\t\t<div class=\"icon\">\n\t\t\t\t\t<div class=\"icon-inner\" >\n\t\t\t\t\t\t<img loading=\"lazy\" decoding=\"async\" width=\"300\" height=\"300\" src=\"https:\/\/aprovacao.website\/modus\/wp-content\/uploads\/2023\/06\/3.png\" class=\"attachment-medium size-medium\" alt=\"\" srcset=\"https:\/\/aprovacao.website\/modus\/wp-content\/uploads\/2023\/06\/3.png 300w, https:\/\/aprovacao.website\/modus\/wp-content\/uploads\/2023\/06\/3-280x280.png 280w\" sizes=\"auto, (max-width: 300px) 100vw, 300px\" \/>\t\t\t\t\t<\/div>\n\t\t\t\t<\/div>\n\t\t\t<\/div>\n\t\t\t\t<div class=\"icon-box-text last-reset\">\n\t\t\t\t\t\t\t\t\t\n<p>Equipe de GESP e<br \/>\nCertid\u00f5es org\u00e2nica.<br \/>\nHomologa\u00e7\u00f5es<br \/>\nde certificados<br \/>\ncom agilidade.<\/p>\n\t\t<\/div>\n\t<\/div>\n\t\n\t\n\t\t<\/div>\n\t<\/div>\n\n\t\n\n\t<div class=\"col medium-4 small-12 large-4\"  >\n\t\t<div class=\"col-inner\"  >\n\t\t\t\n\t\t\t\n\t<div id=\"gap-1223027524\" class=\"gap-element clearfix\" style=\"display:block; height:auto;\">\n\t\t\n<style scope=\"scope\">\n\n#gap-1223027524 {\n  padding-top: 54px;\n}\n<\/style>\n\t<\/div>\n\t\n\t<div class=\"img has-hover x md-x lg-x y md-y lg-y\" id=\"image_29189486\">\n\t\t\t\t\t\t\t\t<div class=\"img-inner dark\" >\n\t\t\t<img loading=\"lazy\" decoding=\"async\" width=\"300\" height=\"300\" src=\"https:\/\/aprovacao.website\/modus\/wp-content\/uploads\/2023\/06\/icones-padrao.png\" class=\"attachment-large size-large\" alt=\"\" srcset=\"https:\/\/aprovacao.website\/modus\/wp-content\/uploads\/2023\/06\/icones-padrao.png 300w, https:\/\/aprovacao.website\/modus\/wp-content\/uploads\/2023\/06\/icones-padrao-280x280.png 280w\" sizes=\"auto, (max-width: 300px) 100vw, 300px\" \/>\t\t\t\t\t\t\n\t\t\t\t\t<\/div>\n\t\t\t\t\t\t\t\t\n<style scope=\"scope\">\n\n#image_29189486 {\n  width: 100%;\n}\n<\/style>\n\t<\/div>\n\t\n\t\t<\/div>\n\t<\/div>\n\n\t\n\n\t<div class=\"col medium-4 small-12 large-4\"  >\n\t\t<div class=\"col-inner\"  >\n\t\t\t\n\t\t\t\n\n\t\t<div class=\"icon-box featured-box icon-box-left text-left\"  >\n\t\t\t\t\t<div class=\"icon-box-img\" style=\"width: 100px\">\n\t\t\t\t<div class=\"icon\">\n\t\t\t\t\t<div class=\"icon-inner\" >\n\t\t\t\t\t\t<img loading=\"lazy\" decoding=\"async\" width=\"300\" height=\"300\" src=\"https:\/\/aprovacao.website\/modus\/wp-content\/uploads\/2023\/06\/4.png\" class=\"attachment-medium size-medium\" alt=\"\" srcset=\"https:\/\/aprovacao.website\/modus\/wp-content\/uploads\/2023\/06\/4.png 300w, https:\/\/aprovacao.website\/modus\/wp-content\/uploads\/2023\/06\/4-280x280.png 280w\" sizes=\"auto, (max-width: 300px) 100vw, 300px\" \/>\t\t\t\t\t<\/div>\n\t\t\t\t<\/div>\n\t\t\t<\/div>\n\t\t\t\t<div class=\"icon-box-text last-reset\">\n\t\t\t\t\t\t\t\t\t\n<p>Gest\u00e3o a vista, pesquisa NPS com acesso a nossos indicadores de<br \/>\nqualidade.<\/p>\n\t\t<\/div>\n\t<\/div>\n\t\n\t\n\t<div id=\"gap-1330335656\" class=\"gap-element clearfix\" style=\"display:block; height:auto;\">\n\t\t\n<style scope=\"scope\">\n\n#gap-1330335656 {\n  padding-top: 30px;\n}\n<\/style>\n\t<\/div>\n\t\n\n\t\t<div class=\"icon-box featured-box icon-box-left text-left\"  >\n\t\t\t\t\t<div class=\"icon-box-img\" style=\"width: 100px\">\n\t\t\t\t<div class=\"icon\">\n\t\t\t\t\t<div class=\"icon-inner\" >\n\t\t\t\t\t\t<img loading=\"lazy\" decoding=\"async\" width=\"300\" height=\"300\" src=\"https:\/\/aprovacao.website\/modus\/wp-content\/uploads\/2023\/06\/5.png\" class=\"attachment-medium size-medium\" alt=\"\" srcset=\"https:\/\/aprovacao.website\/modus\/wp-content\/uploads\/2023\/06\/5.png 300w, https:\/\/aprovacao.website\/modus\/wp-content\/uploads\/2023\/06\/5-280x280.png 280w\" sizes=\"auto, (max-width: 300px) 100vw, 300px\" \/>\t\t\t\t\t<\/div>\n\t\t\t\t<\/div>\n\t\t\t<\/div>\n\t\t\t\t<div class=\"icon-box-text last-reset\">\n\t\t\t\t\t\t\t\t\t\n<p>Instrutores<br \/>\ncredenciados e<br \/>\navaliados em nosso<br \/>\nPrograma de<br \/>\nQualidade.<\/p>\n\t\t<\/div>\n\t<\/div>\n\t\n\t\n\t<div id=\"gap-1467497917\" class=\"gap-element clearfix\" style=\"display:block; height:auto;\">\n\t\t\n<style scope=\"scope\">\n\n#gap-1467497917 {\n  padding-top: 30px;\n}\n<\/style>\n\t<\/div>\n\t\n\n\t\t<div class=\"icon-box featured-box icon-box-left text-left\"  >\n\t\t\t\t\t<div class=\"icon-box-img\" style=\"width: 100px\">\n\t\t\t\t<div class=\"icon\">\n\t\t\t\t\t<div class=\"icon-inner\" >\n\t\t\t\t\t\t<img loading=\"lazy\" decoding=\"async\" width=\"300\" height=\"300\" src=\"https:\/\/aprovacao.website\/modus\/wp-content\/uploads\/2023\/06\/6.png\" class=\"attachment-medium size-medium\" alt=\"\" srcset=\"https:\/\/aprovacao.website\/modus\/wp-content\/uploads\/2023\/06\/6.png 300w, https:\/\/aprovacao.website\/modus\/wp-content\/uploads\/2023\/06\/6-280x280.png 280w\" sizes=\"auto, (max-width: 300px) 100vw, 300px\" \/>\t\t\t\t\t<\/div>\n\t\t\t\t<\/div>\n\t\t\t<\/div>\n\t\t\t\t<div class=\"icon-box-text last-reset\">\n\t\t\t\t\t\t\t\t\t\n<p style=\"text-align: left;\">Temos tr\u00eas unidades em pontos diferentes da cidade.<\/p>\n\t\t<\/div>\n\t<\/div>\n\t\n\t\n\t\t<\/div>\n\t<\/div>\n\n\t\n<\/div>\n\t\t<\/div>\n\n\t\t\n<style scope=\"scope\">\n\n#section_1589787621 {\n  padding-top: 30px;\n  padding-bottom: 30px;\n  background-color: rgb(242, 242, 242);\n}\n<\/style>\n\t<\/section>\n\t\n\n\t<section class=\"section\" id=\"section_502878609\">\n\t\t<div class=\"bg section-bg fill bg-fill  bg-loaded\" >\n\n\t\t\t\n\t\t\t\n\t\t\t\n\n\t\t<\/div>\n\n\t\t<div class=\"section-content relative\">\n\t\t\t\n<div class=\"container section-title-container\" ><h3 class=\"section-title section-title-center\"><b><\/b><span class=\"section-title-main\" >Certifica\u00e7\u00f5es e Pr\u00eamios<\/span><b><\/b><\/h3><\/div>\n<div class=\"row\"  id=\"row-868656306\">\n\n\t<div class=\"col medium-3 small-12 large-3\"  >\n\t\t<div class=\"col-inner\"  >\n\t\t\t\n\t\t\t\n\t\t<\/div>\n\t<\/div>\n\n\t\n\n\t<div class=\"col medium-6 small-12 large-6\"  >\n\t\t<div class=\"col-inner\"  >\n\t\t\t\n\t\t\t\n<p><img loading=\"lazy\" decoding=\"async\" class=\" wp-image-440 alignleft\" src=\"https:\/\/aprovacao.website\/modus\/wp-content\/uploads\/2023\/06\/logo1.jpg\" alt=\"\" width=\"113\" height=\"110\" \/><\/p>\n<p style=\"text-align: left;\">Recebemos a certifica\u00e7\u00e3o \u201cSeguran\u00e7a Sem Preconceito\u201d pela FENAVIST como a empresa pioneira a conquistar o selo de reconhecimento.<\/p>\n\t\t<\/div>\n\t<\/div>\n\n\t\n\n\t<div class=\"col medium-3 small-12 large-3\"  >\n\t\t<div class=\"col-inner\"  >\n\t\t\t\n\t\t\t\n\t\t<\/div>\n\t<\/div>\n\n\t\n\n\t<div class=\"col medium-3 small-12 large-3\"  >\n\t\t<div class=\"col-inner\"  >\n\t\t\t\n\t\t\t\n\t\t<\/div>\n\t<\/div>\n\n\t\n\n\t<div class=\"col medium-6 small-12 large-6\"  >\n\t\t<div class=\"col-inner\"  >\n\t\t\t\n\t\t\t\n<p><img loading=\"lazy\" decoding=\"async\" class=\"wp-image-441 alignleft\" src=\"https:\/\/aprovacao.website\/modus\/wp-content\/uploads\/2023\/06\/logo2.jpg\" alt=\"\" width=\"114\" height=\"111\" \/><\/p>\n<p style=\"text-align: left;\">Uma empresa que possui uma Pol\u00edtica de Seguran\u00e7a com processos de prote\u00e7\u00e3o de dados e informa\u00e7\u00e3o auditados com a certifica\u00e7\u00e3o LGDP &#8211; Lei de Prote\u00e7\u00e3o de Dados.<\/p>\n\t\t<\/div>\n\t<\/div>\n\n\t\n\n\t<div class=\"col medium-3 small-12 large-3\"  >\n\t\t<div class=\"col-inner\"  >\n\t\t\t\n\t\t\t\n\t\t<\/div>\n\t<\/div>\n\n\t\n\n\t<div class=\"col medium-3 small-12 large-3\"  >\n\t\t<div class=\"col-inner\"  >\n\t\t\t\n\t\t\t\n\t\t<\/div>\n\t<\/div>\n\n\t\n\n\t<div class=\"col medium-6 small-12 large-6\"  >\n\t\t<div class=\"col-inner\"  >\n\t\t\t\n\t\t\t\n<p><img loading=\"lazy\" decoding=\"async\" class=\" wp-image-442 alignleft\" src=\"https:\/\/aprovacao.website\/modus\/wp-content\/uploads\/2023\/06\/logo3.jpg\" alt=\"\" width=\"111\" height=\"108\" \/><\/p>\n<p style=\"text-align: left;\">Boas pr\u00e1ticas e a\u00e7\u00f5es que consideram os aspectos de sustentabilidade ambiental de uma organiza\u00e7\u00e3o, a sua responsabilidade social e estrutura de governan\u00e7a corporativa.<\/p>\n\t\t<\/div>\n\t<\/div>\n\n\t\n<\/div>\n\t\t<\/div>\n\n\t\t\n<style scope=\"scope\">\n\n#section_502878609 {\n  padding-top: 30px;\n  padding-bottom: 30px;\n}\n<\/style>\n\t<\/section>\n\t\n","protected":false},"excerpt":{"rendered":"","protected":false},"author":1,"featured_media":0,"parent":0,"menu_order":0,"comment_status":"closed","ping_status":"closed","template":"page-blank.php","meta":{"footnotes":""},"class_list":["post-341","page","type-page","status-publish","hentry"],"_links":{"self":[{"href":"https:\/\/aprovacao.website\/modus\/wp-json\/wp\/v2\/pages\/341","targetHints":{"allow":["GET"]}}],"collection":[{"href":"https:\/\/aprovacao.website\/modus\/wp-json\/wp\/v2\/pages"}],"about":[{"href":"https:\/\/aprovacao.website\/modus\/wp-json\/wp\/v2\/types\/page"}],"author":[{"embeddable":true,"href":"https:\/\/aprovacao.website\/modus\/wp-json\/wp\/v2\/users\/1"}],"replies":[{"embeddable":true,"href":"https:\/\/aprovacao.website\/modus\/wp-json\/wp\/v2\/comments?post=341"}],"version-history":[{"count":13,"href":"https:\/\/aprovacao.website\/modus\/wp-json\/wp\/v2\/pages\/341\/revisions"}],"predecessor-version":[{"id":444,"href":"https:\/\/aprovacao.website\/modus\/wp-json\/wp\/v2\/pages\/341\/revisions\/444"}],"wp:attachment":[{"href":"https:\/\/aprovacao.website\/modus\/wp-json\/wp\/v2\/media?parent=341"}],"curies":[{"name":"wp","href":"https:\/\/api.w.org\/{rel}","templated":true}]}}