{"id":55,"date":"2016-02-18T15:10:52","date_gmt":"2016-02-18T18:10:52","guid":{"rendered":"http:\/\/flatsome.dev\/?page_id=4041"},"modified":"2023-04-18T17:44:07","modified_gmt":"2023-04-18T20:44:07","slug":"aspersao-termica","status":"publish","type":"page","link":"https:\/\/aprovacao.website\/metaljet\/","title":{"rendered":"HOME"},"content":{"rendered":"<div class=\"slider-wrapper relative\" id=\"slider-319333501\" >\n    <div class=\"slider slider-nav-circle slider-nav-large slider-nav-light slider-style-normal\"\n        data-flickity-options='{\n            \"cellAlign\": \"center\",\n            \"imagesLoaded\": true,\n            \"lazyLoad\": 1,\n            \"freeScroll\": false,\n            \"wrapAround\": true,\n            \"autoPlay\": 6000,\n            \"pauseAutoPlayOnHover\" : true,\n            \"prevNextButtons\": true,\n            \"contain\" : true,\n            \"adaptiveHeight\" : true,\n            \"dragThreshold\" : 10,\n            \"percentPosition\": true,\n            \"pageDots\": true,\n            \"rightToLeft\": false,\n            \"draggable\": true,\n            \"selectedAttraction\": 0.1,\n            \"parallax\" : 0,\n            \"friction\": 0.6        }'\n        >\n        \n\n  <div class=\"banner has-hover\" id=\"banner-1757573215\">\n          <div class=\"banner-inner fill\">\n        <div class=\"banner-bg fill\" >\n            <div class=\"bg fill bg-fill \"><\/div>\n                        <div class=\"overlay\"><\/div>            \n                    <\/div>\n        <div class=\"banner-layers container\">\n            <div class=\"fill banner-link\"><\/div>            \n   <div id=\"text-box-1752677804\" class=\"text-box banner-layer x5 md-x5 lg-x5 y95 md-y50 lg-y50 res-text\">\n                                <div class=\"text box-shadow-1\">\n              \n              <div class=\"text-inner text-left\">\n                  \n<h6>Somos l\u00edderes em<\/h6>\n<h3 class=\"uppercase\">ASPERS\u00c3O T\u00c9RMICA<\/h3>\n<p class=\"p1\">Aspers\u00e3o t\u00e9rmica \u00e9 um processo de revestimento de superf\u00edcies met\u00e1licas que utiliza um equipamento de proje\u00e7\u00e3o que aquece e funde o material de revestimento em p\u00f3 ou arame, e o projeta sobre a superf\u00edcie do material base.<\/p>\n<a class=\"button primary is-gradient\"  >\n    <span>Saiba mais<\/span>\n  <\/a>\n\n              <\/div>\n           <\/div>\n                            \n<style scope=\"scope\">\n\n#text-box-1752677804 .text {\n  background-color: rgba(255, 255, 255, 0.94);\n  font-size: 100%;\n}\n#text-box-1752677804 .text-inner {\n  padding: 30px 30px 30px 30px;\n}\n#text-box-1752677804 {\n  width: 90%;\n}\n\n\n@media (min-width:550px) {\n\n  #text-box-1752677804 {\n    width: 44%;\n  }\n\n}\n<\/style>\n    <\/div>\n \n        <\/div>\n      <\/div>\n\n            \n<style scope=\"scope\">\n\n#banner-1757573215 {\n  padding-top: 500px;\n  background-color: rgb(0,0,0);\n}\n#banner-1757573215 .bg.bg-loaded {\n  background-image: url(https:\/\/aprovacao.website\/metaljet\/wp-content\/uploads\/2023\/03\/thermisches-Spritzen-shutterstock_1229807839.jpeg);\n}\n#banner-1757573215 .overlay {\n  background-color: rgba(0, 0, 0, 0.19);\n}\n<\/style>\n  <\/div>\n\n\n\n  <div class=\"banner has-hover\" id=\"banner-1436116269\">\n          <div class=\"banner-inner fill\">\n        <div class=\"banner-bg fill\" >\n            <div class=\"bg fill bg-fill \"><\/div>\n                                    \n                    <\/div>\n        <div class=\"banner-layers container\">\n            <div class=\"fill banner-link\"><\/div>            \n   <div id=\"text-box-1792375907\" class=\"text-box banner-layer x5 md-x5 lg-x5 y90 md-y50 lg-y50 res-text\">\n                                <div class=\"text box-shadow-1\">\n              \n              <div class=\"text-inner text-left\">\n                  \n<h6>Servi\u00e7os e Equipamentos<\/h6>\n<h3 class=\"uppercase\">Equipamentos de ponta em metaliza\u00e7\u00e3o por aspers\u00e3o<\/h3>\n<p>Equipamentos, pe\u00e7as, manuten\u00e7\u00e3o, cursos e palestras<\/p>\n<a class=\"button primary\"  >\n    <span>Saiba mais<\/span>\n  <\/a>\n\n              <\/div>\n           <\/div>\n                            \n<style scope=\"scope\">\n\n#text-box-1792375907 .text {\n  background-color: rgba(255, 255, 255, 0.94);\n  font-size: 100%;\n}\n#text-box-1792375907 .text-inner {\n  padding: 30px 30px 30px 30px;\n}\n#text-box-1792375907 {\n  width: 88%;\n}\n\n\n@media (min-width:550px) {\n\n  #text-box-1792375907 {\n    width: 50%;\n  }\n\n}\n<\/style>\n    <\/div>\n \n        <\/div>\n      <\/div>\n\n            \n<style scope=\"scope\">\n\n#banner-1436116269 {\n  padding-top: 500px;\n}\n#banner-1436116269 .bg.bg-loaded {\n  background-image: url(https:\/\/aprovacao.website\/metaljet\/wp-content\/uploads\/2023\/03\/Screen-Shot-2023-03-28-at-15.33.34.png);\n}\n#banner-1436116269 .bg {\n  background-position: 62% 68%;\n}\n<\/style>\n  <\/div>\n\n\n     <\/div>\n\n     <div class=\"loading-spin dark large centered\"><\/div>\n\n     <style scope=\"scope\">\n             <\/style>\n<\/div>\n\n\n\t<section class=\"section\" id=\"section_1625760127\">\n\t\t<div class=\"bg section-bg fill bg-fill  bg-loaded\" >\n\n\t\t\t\n\t\t\t\n\t\t\t\n\n\t\t<\/div>\n\n\t\t<div class=\"section-content relative\">\n\t\t\t\n<div class=\"row row-large align-center row-divided\"  id=\"row-1479538982\">\n\n\t<div class=\"col medium-4 large-4\"  >\n\t\t<div class=\"col-inner\"  >\n\t\t\t\n\t\t\t\n\n\t\t<div class=\"icon-box featured-box icon-box-center text-center\"  style=\"margin:0px 0px 0px 0px;\">\n\t\t\t\t\t<div class=\"icon-box-img has-icon-bg\" style=\"width: 60px\">\n\t\t\t\t<div class=\"icon\">\n\t\t\t\t\t<div class=\"icon-inner\" style=\"border-width:2px;\">\n\t\t\t\t\t\t<?xml version=\"1.0\"?><svg fill=\"#000000\" xmlns=\"http:\/\/www.w3.org\/2000\/svg\"  viewBox=\"0 0 30 30\" width=\"30px\" height=\"30px\">    <path d=\"M 6 6 L 6 8 L 8 8 L 8 6 L 6 6 z M 8 8 L 8 22 L 14 22 L 14 8 L 8 8 z M 14 8 L 16 8 L 16 6 L 14 6 L 14 8 z M 16 8 L 16 22 L 22 22 L 22 8 L 16 8 z M 22 8 L 24 8 L 24 6 L 22 6 L 22 8 z M 24 8 L 24 22 L 27 22 C 28.105 22 29 21.105 29 20 L 29 10 C 29 8.895 28.105 8 27 8 L 24 8 z M 24 22 L 22 22 L 22 24 L 24 24 L 24 22 z M 16 22 L 14 22 L 14 24 L 16 24 L 16 22 z M 8 22 L 6 22 L 6 24 L 8 24 L 8 22 z M 6 22 L 6 8 L 3 8 C 1.895 8 1 8.895 1 10 L 1 20 C 1 21.105 1.895 22 3 22 L 6 22 z M 19 10 C 19.552 10 20 10.448 20 11 C 20 11.552 19.552 12 19 12 C 18.448 12 18 11.552 18 11 C 18 10.448 18.448 10 19 10 z M 19 14 C 19.552 14 20 14.448 20 15 C 20 15.552 19.552 16 19 16 C 18.448 16 18 15.552 18 15 C 18 14.448 18.448 14 19 14 z M 19 18 C 19.552 18 20 18.448 20 19 C 20 19.552 19.552 20 19 20 C 18.448 20 18 19.552 18 19 C 18 18.448 18.448 18 19 18 z M 6 26 C 5.448 26 5 26.448 5 27 C 5 27.552 5.448 28 6 28 L 8 28 C 8.552 28 9 27.552 9 27 C 9 26.448 8.552 26 8 26 L 6 26 z M 14 26 C 13.448 26 13 26.448 13 27 C 13 27.552 13.448 28 14 28 L 16 28 C 16.552 28 17 27.552 17 27 C 17 26.448 16.552 26 16 26 L 14 26 z M 22 26 C 21.448 26 21 26.448 21 27 C 21 27.552 21.448 28 22 28 L 24 28 C 24.552 28 25 27.552 25 27 C 25 26.448 24.552 26 24 26 L 22 26 z\"\/><\/svg>\t\t\t\t\t<\/div>\n\t\t\t\t<\/div>\n\t\t\t<\/div>\n\t\t\t\t<div class=\"icon-box-text last-reset\">\n\t\t\t<h5 class=\"uppercase\">Equipamentos<\/h5>\t\t\t\t\t\t\n<p>A escolha do equipamento ideal depende das necessidades espec\u00edficas do processo de aspers\u00e3o t\u00e9rmica como por exemplo, a pistola de plasma e a de arco el\u00e9trico. Conhe\u00e7a nossa linha completa.<\/p>\n\t\t<\/div>\n\t<\/div>\n\t\n\t\n\t\t<\/div>\n\t<\/div>\n\n\t\n\n\t<div class=\"col medium-4 large-4\"  >\n\t\t<div class=\"col-inner\"  >\n\t\t\t\n\t\t\t\n\n\t\t<div class=\"icon-box featured-box icon-box-center text-center\"  style=\"margin:0px 0px 0px 0px;\">\n\t\t\t\t\t<div class=\"icon-box-img has-icon-bg\" style=\"width: 60px\">\n\t\t\t\t<div class=\"icon\">\n\t\t\t\t\t<div class=\"icon-inner\" style=\"border-width:2px;\">\n\t\t\t\t\t\t<?xml version=\"1.0\"?><svg fill=\"#000000\" xmlns=\"http:\/\/www.w3.org\/2000\/svg\"  viewBox=\"0 0 30 30\" width=\"30px\" height=\"30px\">    <path d=\"M 4 3 A 1 1 0 0 0 3 4 A 1 1 0 0 0 4 5 A 1 1 0 0 0 5 4 A 1 1 0 0 0 4 3 z M 7 6 A 1 1 0 0 0 6 7 A 1 1 0 0 0 7 8 A 1 1 0 0 0 8 7 A 1 1 0 0 0 7 6 z M 10.585938 8 C 10.330063 8 10.074406 8.0974688 9.8789062 8.2929688 L 8.2929688 9.8789062 C 7.9019688 10.268906 7.9019687 10.902969 8.2929688 11.292969 L 9.4003906 12.400391 L 12.400391 9.4003906 L 11.292969 8.2929688 C 11.097969 8.0974688 10.841812 8 10.585938 8 z M 17.414062 8 C 16.884912 8 16.374307 8.209618 15.998047 8.5878906 L 8.5859375 16 C 8.2111309 16.374807 8 16.884912 8 17.414062 L 8 21 A 1.0001 1.0001 0 1 0 10 21 L 10 18 L 18.289062 26.289062 C 19.234063 27.234063 20.765937 27.234063 21.710938 26.289062 L 26.289062 21.710938 C 27.234063 20.765937 27.234063 19.234063 26.289062 18.289062 L 18 10 L 21 10 A 1.0001 1.0001 0 1 0 21 8 L 17.414062 8 z M 12 22 L 12 27 L 14 27 L 14 24 L 12 22 z\"\/><\/svg>\t\t\t\t\t<\/div>\n\t\t\t\t<\/div>\n\t\t\t<\/div>\n\t\t\t\t<div class=\"icon-box-text last-reset\">\n\t\t\t<h5 class=\"uppercase\">Pe\u00e7as<\/h5>\t\t\t\t\t\t\n<p>Comercializamos pe\u00e7as e insumos para o processo de aspers\u00e3o t\u00e9rmica como bicos, eletrodos, arames, cord\u00f5es flex\u00edveis e p\u00f3s, diafragmas de ar e posicionadores.<\/p>\n\t\t<\/div>\n\t<\/div>\n\t\n\t\n\t\t<\/div>\n\t<\/div>\n\n\t\n\n\t<div class=\"col medium-4 large-4\"  >\n\t\t<div class=\"col-inner\"  >\n\t\t\t\n\t\t\t\n\n\t\t<div class=\"icon-box featured-box icon-box-center text-center\"  style=\"margin:0px 0px 0px 0px;\">\n\t\t\t\t\t<div class=\"icon-box-img has-icon-bg\" style=\"width: 60px\">\n\t\t\t\t<div class=\"icon\">\n\t\t\t\t\t<div class=\"icon-inner\" style=\"border-width:2px;\">\n\t\t\t\t\t\t<?xml version=\"1.0\"?><svg fill=\"#000000\" xmlns=\"http:\/\/www.w3.org\/2000\/svg\"  viewBox=\"0 0 30 30\" width=\"30px\" height=\"30px\">    <path d=\"M 18.525391 3 L 16.220703 6.1621094 C 16.040703 6.4091094 15.966672 6.7126719 16.013672 7.0136719 C 16.060672 7.3156719 16.223703 7.5807187 16.470703 7.7617188 L 20.240234 9.7792969 C 20.438234 9.9232969 20.671109 10 20.912109 10 C 20.971109 10 21.031797 9.9953281 21.091797 9.9863281 C 21.393797 9.9393281 21.657891 9.7762969 21.837891 9.5292969 L 26.597656 3 L 18.525391 3 z M 12.8125 9.0175781 L 12.484375 9.1445312 L 12.398438 9.1953125 L 11.919922 9.953125 L 12.240234 10.789062 L 13.101562 11.033203 L 13.431641 10.908203 L 13.515625 10.855469 L 13.994141 10.099609 L 13.673828 9.2617188 L 12.8125 9.0175781 z M 16.367188 11.070312 L 15.474609 11.148438 L 15.212891 11.384766 L 15.150391 11.462891 L 14.972656 12.341797 L 15.570312 13.009766 L 16.462891 12.929688 L 16.726562 12.695312 L 16.787109 12.615234 L 16.964844 11.738281 L 16.367188 11.070312 z M 9.3613281 11.490234 L 9.0585938 11.669922 L 8.9824219 11.734375 L 8.6347656 12.560547 L 9.0878906 13.332031 L 9.9785156 13.431641 L 10.283203 13.253906 L 10.359375 13.1875 L 10.707031 12.363281 L 10.251953 11.589844 L 9.3613281 11.490234 z M 18.953125 13.001953 L 18.171875 13.439453 L 18.029297 13.761719 L 18.005859 13.859375 L 18.203125 14.732422 L 19.023438 15.095703 L 19.804688 14.658203 L 19.947266 14.335938 L 19.970703 14.238281 L 19.771484 13.365234 L 18.953125 13.001953 z M 13.845703 14.320312 L 12.958984 14.443359 L 12.707031 14.689453 L 12.650391 14.771484 L 12.515625 15.658203 L 13.144531 16.294922 L 14.03125 16.173828 L 14.283203 15.925781 L 14.339844 15.845703 L 14.474609 14.958984 L 13.845703 14.320312 z M 7.3300781 14.544922 L 6.4394531 14.646484 L 6.1816406 14.888672 L 6.1230469 14.96875 L 5.9667969 15.851562 L 6.5820312 16.503906 L 7.4707031 16.402344 L 7.7285156 16.162109 L 7.7871094 16.080078 L 7.9433594 15.199219 L 7.3300781 14.544922 z M 17.8125 16.886719 L 16.970703 17.195312 L 16.777344 17.490234 L 16.738281 17.582031 L 16.794922 18.476562 L 17.544922 18.966797 L 18.386719 18.658203 L 18.580078 18.363281 L 18.619141 18.271484 L 18.5625 17.376953 L 17.8125 16.886719 z M 11.458984 17.664062 L 10.574219 17.8125 L 10.332031 18.068359 L 10.275391 18.152344 L 10.167969 19.041016 L 10.816406 19.660156 L 11.699219 19.511719 L 11.943359 19.255859 L 11.998047 19.173828 L 12.105469 18.283203 L 11.458984 17.664062 z M 5.0429688 18.005859 L 4.1855469 18.265625 L 3.9765625 18.550781 L 3.9316406 18.640625 L 3.9394531 19.535156 L 4.6621094 20.066406 L 5.5195312 19.806641 L 5.7265625 19.521484 L 5.7714844 19.431641 L 5.765625 18.537109 L 5.0429688 18.005859 z M 15.949219 20.445312 L 15.054688 20.515625 L 14.804688 20.736328 L 14.796875 20.746094 L 14.791016 20.75 L 14.785156 20.755859 L 14.773438 20.769531 L 14.773438 20.773438 L 14.755859 20.792969 L 14.765625 20.800781 L 14.525391 21.630859 L 15.066406 22.345703 L 15.962891 22.339844 L 16.244141 22.126953 L 16.273438 22.09375 L 16.298828 22.066406 L 16.322266 22.037109 L 16.355469 21.994141 L 16.541016 21.117188 L 15.949219 20.445312 z M 8.9882812 23 C 6.8502813 23 5.353375 23.5 4.390625 24 L 3 24 A 1.0001 1.0001 0 1 0 3 26 L 4.4980469 26 L 8.9921875 29 L 13.498047 26 L 27 26 A 1.0001 1.0001 0 1 0 27 24 L 13.597656 24 C 12.629406 23.5 11.126281 23 8.9882812 23 z\"\/><\/svg>\t\t\t\t\t<\/div>\n\t\t\t\t<\/div>\n\t\t\t<\/div>\n\t\t\t\t<div class=\"icon-box-text last-reset\">\n\t\t\t<h5 class=\"uppercase\">Servi\u00e7os<\/h5>\t\t\t\t\t\t\n<p>A Metaljet realiza manuten\u00e7\u00e3o preventiva e corretiva de todos os tipos de equipamentos de metaliza\u00e7\u00e3o (Arc Spray, Flame Spray, HVOF, PTA, Spray &amp; Fuse). Tamb\u00e9m treinamentos, cursos e palestras.<\/p>\n\t\t<\/div>\n\t<\/div>\n\t\n\t\n\t\t<\/div>\n\t<\/div>\n\n\t\n\n<style scope=\"scope\">\n\n<\/style>\n<\/div>\n\t\t<\/div>\n\n\t\t\n<style scope=\"scope\">\n\n#section_1625760127 {\n  padding-top: 30px;\n  padding-bottom: 30px;\n  background-color: rgb(255, 255, 255);\n}\n<\/style>\n\t<\/section>\n\t\n\t<section class=\"section\" id=\"section_389338501\">\n\t\t<div class=\"bg section-bg fill bg-fill  bg-loaded\" >\n\n\t\t\t\n\t\t\t<div class=\"section-bg-overlay absolute fill\"><\/div>\n\t\t\t\n\t<div class=\"is-border\"\n\t\tstyle=\"border-width:1px 0px 1px 0px;\">\n\t<\/div>\n\n\t\t<\/div>\n\n\t\t<div class=\"section-content relative\">\n\t\t\t\n<div class=\"row row-large align-middle\"  id=\"row-1889478041\">\n\n\t<div class=\"col medium-6 small-12 large-6\"  >\n\t\t<div class=\"col-inner\"  >\n\t\t\t\n\t\t\t\n\t<div class=\"img has-hover x md-x lg-x y md-y lg-y\" id=\"image_155118269\">\n\t\t\t\t\t\t\t\t<div class=\"img-inner box-shadow-2 dark\" >\n\t\t\t<img loading=\"lazy\" decoding=\"async\" width=\"1020\" height=\"680\" src=\"https:\/\/aprovacao.website\/metaljet\/wp-content\/uploads\/2023\/03\/Infografico-aspersao-1200x800.jpeg\" class=\"attachment-large size-large\" alt=\"\" srcset=\"https:\/\/aprovacao.website\/metaljet\/wp-content\/uploads\/2023\/03\/Infografico-aspersao-1200x800.jpeg 1200w, https:\/\/aprovacao.website\/metaljet\/wp-content\/uploads\/2023\/03\/Infografico-aspersao-600x400.jpeg 600w, https:\/\/aprovacao.website\/metaljet\/wp-content\/uploads\/2023\/03\/Infografico-aspersao-768x512.jpeg 768w, https:\/\/aprovacao.website\/metaljet\/wp-content\/uploads\/2023\/03\/Infografico-aspersao.jpeg 1500w\" sizes=\"auto, (max-width: 1020px) 100vw, 1020px\" \/>\t\t\t\t\t\t\n\t\t\t\t\t<\/div>\n\t\t\t\t\t\t\t\t\n<style scope=\"scope\">\n\n#image_155118269 {\n  width: 100%;\n}\n<\/style>\n\t<\/div>\n\t\n\t\t<\/div>\n\t<\/div>\n\n\t\n\n\t<div class=\"col medium-6 small-12 large-6\"  >\n\t\t<div class=\"col-inner text-left\"  >\n\t\t\t\n\t\t\t\n<h2 class=\"uppercase\">Downloads<\/h2>\n<p>Se deseja saber mais sobre Aspers\u00e3o T\u00e9rmica, fa\u00e7a o download das informa\u00e7\u00f5es t\u00e9cnicas aqui (Em ingl\u00eas)<\/p>\n<a href=\"#\" target=\"_self\" class=\"button primary\"  >\n    <span>Baixar material<\/span>\n  <\/a>\n\n\t\t<\/div>\n\t<\/div>\n\n\t\n\n<style scope=\"scope\">\n\n<\/style>\n<\/div>\n\t\t<\/div>\n\n\t\t\n<style scope=\"scope\">\n\n#section_389338501 {\n  padding-top: 60px;\n  padding-bottom: 60px;\n  background-color: rgb(193, 193, 193);\n}\n#section_389338501 .section-bg-overlay {\n  background-color: rgba(255, 255, 255, 0.85);\n}\n<\/style>\n\t<\/section>\n\t\n\t<section class=\"section\" id=\"section_1831148084\">\n\t\t<div class=\"bg section-bg fill bg-fill  bg-loaded\" >\n\n\t\t\t\n\t\t\t<div class=\"section-bg-overlay absolute fill\"><\/div>\n\t\t\t\n\n\t\t<\/div>\n\n\t\t<div class=\"section-content relative\">\n\t\t\t\n<div class=\"row row-large align-middle\"  id=\"row-1741079778\">\n\n\t<div class=\"col medium-6 small-12 large-6\"  >\n\t\t<div class=\"col-inner text-left\"  >\n\t\t\t\n\t\t\t\n<h2 class=\"uppercase\">Alguns clientes<\/h2>\n<p>Alguns clientes que j\u00e1 utilizam nossos equipamentos para aplica\u00e7\u00e3o da aspers\u00e3o t\u00e9rmica em suas solu\u00e7\u00f5es.<\/p>\n<a class=\"button primary\"  >\n    <span>solicite atendimento especializado<\/span>\n  <\/a>\n\n\t\t<\/div>\n\t<\/div>\n\n\t\n\n\t<div class=\"col medium-6 small-12 large-6\"  >\n\t\t<div class=\"col-inner\"  >\n\t\t\t\n\t\t\t\n\t<div class=\"img has-hover x md-x lg-x y md-y lg-y\" id=\"image_354131229\">\n\t\t\t\t\t\t\t\t<div class=\"img-inner box-shadow-2 dark\" >\n\t\t\t<img loading=\"lazy\" decoding=\"async\" width=\"776\" height=\"600\" src=\"https:\/\/aprovacao.website\/metaljet\/wp-content\/uploads\/2023\/04\/Clientes_1.jpg\" class=\"attachment-large size-large\" alt=\"Clientes metaljet\" srcset=\"https:\/\/aprovacao.website\/metaljet\/wp-content\/uploads\/2023\/04\/Clientes_1.jpg 776w, https:\/\/aprovacao.website\/metaljet\/wp-content\/uploads\/2023\/04\/Clientes_1-517x400.jpg 517w, https:\/\/aprovacao.website\/metaljet\/wp-content\/uploads\/2023\/04\/Clientes_1-768x594.jpg 768w\" sizes=\"auto, (max-width: 776px) 100vw, 776px\" \/>\t\t\t\t\t\t\n\t\t\t\t\t<\/div>\n\t\t\t\t\t\t\t\t\n<style scope=\"scope\">\n\n#image_354131229 {\n  width: 100%;\n}\n<\/style>\n\t<\/div>\n\t\n\t\t<\/div>\n\t<\/div>\n\n\t\n\n<style scope=\"scope\">\n\n<\/style>\n<\/div>\n\t\t<\/div>\n\n\t\t\n<style scope=\"scope\">\n\n#section_1831148084 {\n  padding-top: 60px;\n  padding-bottom: 60px;\n  background-color: rgb(255, 255, 255);\n}\n#section_1831148084 .section-bg-overlay {\n  background-color: rgba(255, 255, 255, 0.85);\n}\n<\/style>\n\t<\/section>\n\t\n\t<section class=\"section\" id=\"section_1868552052\">\n\t\t<div class=\"bg section-bg fill bg-fill  bg-loaded\" >\n\n\t\t\t\n\t\t\t\n\t\t\t\n\t<div class=\"is-border\"\n\t\tstyle=\"border-width:1px 0px 1px 0px;\">\n\t<\/div>\n\n\t\t<\/div>\n\n\t\t<div class=\"section-content relative\">\n\t\t\t\n<div class=\"row align-equal\"  id=\"row-229036108\">\n\n\t<div class=\"col medium-3 small-12 large-3\"  >\n\t\t<div class=\"col-inner\"  >\n\t\t\t\n\t\t\t\n<h2 class=\"uppercase\">Tudo sobre a aspers\u00e3o t\u00e9rmica<\/h2>\n<p>Artigos, not\u00edcias, equipamentos e novidades<\/p>\n<a class=\"button primary\"  >\n    <span>Nosso blog<\/span>\n  <\/a>\n\n\t\t<\/div>\n\t<\/div>\n\n\t\n\n\t<div class=\"col medium-9 small-12 large-9\"  >\n\t\t<div class=\"col-inner\"  >\n\t\t\t\n\t\t\t\n\n  \n    <div class=\"row large-columns-2 medium-columns- small-columns-1 has-shadow row-box-shadow-1 slider row-slider slider-nav-circle\"  data-flickity-options='{\"imagesLoaded\": true, \"groupCells\": \"100%\", \"dragThreshold\" : 5, \"cellAlign\": \"left\",\"wrapAround\": true,\"prevNextButtons\": true,\"percentPosition\": true,\"pageDots\": false, \"rightToLeft\": false, \"autoPlay\" : false}'>\n\n  \t\t<div class=\"col post-item\" >\n\t\t\t<div class=\"col-inner\">\n\t\t\t<a href=\"https:\/\/aprovacao.website\/metaljet\/os-principais-usos-da-aspersao-termica\/\" class=\"plain\">\n\t\t\t\t<div class=\"box box-vertical box-text-bottom box-blog-post has-hover\">\n            \t\t\t\t\t<div class=\"box-image\" style=\"width:40%;\">\n  \t\t\t\t\t\t<div class=\"image-cover\" style=\"padding-top:223px;\">\n  \t\t\t\t\t\t\t<img loading=\"lazy\" decoding=\"async\" width=\"625\" height=\"400\" src=\"https:\/\/aprovacao.website\/metaljet\/wp-content\/uploads\/2023\/03\/Screen-Shot-2023-03-28-at-17.47.53-625x400.png\" class=\"attachment-medium size-medium wp-post-image\" alt=\"aspers\u00e3o t\u00e9rmica por arco\" srcset=\"https:\/\/aprovacao.website\/metaljet\/wp-content\/uploads\/2023\/03\/Screen-Shot-2023-03-28-at-17.47.53-625x400.png 625w, https:\/\/aprovacao.website\/metaljet\/wp-content\/uploads\/2023\/03\/Screen-Shot-2023-03-28-at-17.47.53-768x491.png 768w, https:\/\/aprovacao.website\/metaljet\/wp-content\/uploads\/2023\/03\/Screen-Shot-2023-03-28-at-17.47.53.png 1032w\" sizes=\"auto, (max-width: 625px) 100vw, 625px\" \/>  \t\t\t\t\t\t\t  \t\t\t\t\t\t\t  \t\t\t\t\t\t<\/div>\n  \t\t\t\t\t\t  \t\t\t\t\t<\/div>\n          \t\t\t\t\t<div class=\"box-text text-left\" style=\"background-color:rgb(255, 255, 255);\">\n\t\t\t\t\t<div class=\"box-text-inner blog-post-inner\">\n\n\t\t\t\t\t\n\t\t\t\t\t\t\t\t\t\t<h5 class=\"post-title is-large \">Os principais usos da aspers\u00e3o t\u00e9rmica<\/h5>\n\t\t\t\t\t\t\t\t\t\t<div class=\"is-divider\"><\/div>\n\t\t\t\t\t\t\t\t\t\t<p class=\"from_the_blog_excerpt \">A aspers\u00e3o t\u00e9rmica \u00e9 um processo de revestimento que envolve a aplica\u00e7\u00e3o de materiais sobre [...]\t\t\t\t\t<\/p>\n\t\t\t\t\t                    \n\t\t\t\t\t\n\t\t\t\t\t\n\t\t\t\t\t<\/div>\n\t\t\t\t\t<\/div>\n\t\t\t\t\t\t\t\t\t\t\t\t\t\t\t\t<div class=\"badge absolute top post-date badge-outline\">\n\t\t\t\t\t\t\t<div class=\"badge-inner\">\n\t\t\t\t\t\t\t\t<span class=\"post-date-day\">28<\/span><br>\n\t\t\t\t\t\t\t\t<span class=\"post-date-month is-xsmall\">mar<\/span>\n\t\t\t\t\t\t\t<\/div>\n\t\t\t\t\t\t<\/div>\n\t\t\t\t\t\t\t\t\t<\/div>\n\t\t\t\t<\/a>\n\t\t\t<\/div>\n\t\t<\/div>\n\t\t<div class=\"col post-item\" >\n\t\t\t<div class=\"col-inner\">\n\t\t\t<a href=\"https:\/\/aprovacao.website\/metaljet\/o-processo-de-metalizacao-por-projecao-ou-aspersao-termica\/\" class=\"plain\">\n\t\t\t\t<div class=\"box box-vertical box-text-bottom box-blog-post has-hover\">\n            \t\t\t\t\t<div class=\"box-image\" style=\"width:40%;\">\n  \t\t\t\t\t\t<div class=\"image-cover\" style=\"padding-top:223px;\">\n  \t\t\t\t\t\t\t<img loading=\"lazy\" decoding=\"async\" width=\"275\" height=\"250\" src=\"https:\/\/aprovacao.website\/metaljet\/wp-content\/uploads\/2023\/03\/Aspercao-Termica.jpeg\" class=\"attachment-medium size-medium wp-post-image\" alt=\"\" \/>  \t\t\t\t\t\t\t  \t\t\t\t\t\t\t  \t\t\t\t\t\t<\/div>\n  \t\t\t\t\t\t  \t\t\t\t\t<\/div>\n          \t\t\t\t\t<div class=\"box-text text-left\" style=\"background-color:rgb(255, 255, 255);\">\n\t\t\t\t\t<div class=\"box-text-inner blog-post-inner\">\n\n\t\t\t\t\t\n\t\t\t\t\t\t\t\t\t\t<h5 class=\"post-title is-large \">O processo de metaliza\u00e7\u00e3o por Proje\u00e7\u00e3o, ou aspers\u00e3o t\u00e9rmica<\/h5>\n\t\t\t\t\t\t\t\t\t\t<div class=\"is-divider\"><\/div>\n\t\t\t\t\t\t\t\t\t\t<p class=\"from_the_blog_excerpt \">A metaliza\u00e7\u00e3o por Proje\u00e7\u00e3o, tamb\u00e9m chamada de Aspers\u00e3o t\u00e9rmica \u00e9 um processo de revestimento de [...]\t\t\t\t\t<\/p>\n\t\t\t\t\t                    \n\t\t\t\t\t\n\t\t\t\t\t\n\t\t\t\t\t<\/div>\n\t\t\t\t\t<\/div>\n\t\t\t\t\t\t\t\t\t\t\t\t\t\t\t\t<div class=\"badge absolute top post-date badge-outline\">\n\t\t\t\t\t\t\t<div class=\"badge-inner\">\n\t\t\t\t\t\t\t\t<span class=\"post-date-day\">28<\/span><br>\n\t\t\t\t\t\t\t\t<span class=\"post-date-month is-xsmall\">mar<\/span>\n\t\t\t\t\t\t\t<\/div>\n\t\t\t\t\t\t<\/div>\n\t\t\t\t\t\t\t\t\t<\/div>\n\t\t\t\t<\/a>\n\t\t\t<\/div>\n\t\t<\/div>\n<\/div>\n\t\t<\/div>\n\t<\/div>\n\n\t\n\n<style scope=\"scope\">\n\n<\/style>\n<\/div>\n\t\t<\/div>\n\n\t\t\n<style scope=\"scope\">\n\n#section_1868552052 {\n  padding-top: 43px;\n  padding-bottom: 43px;\n  min-height: 276px;\n  background-color: rgb(241, 241, 241);\n}\n<\/style>\n\t<\/section>\n\t\n<div class=\"message-box relative dark\" style=\"padding-top:36px;padding-bottom:36px;\"><div class=\"message-box-bg-image bg-fill fill\" ><\/div><div class=\"message-box-bg-overlay bg-fill fill\" style=\"background-color:rgb(74, 74, 74);\"><\/div><div class=\"container relative\"><div class=\"inner last-reset\">\n<div class=\"row align-middle\"  id=\"row-797305209\">\n\n\t<div class=\"col medium-7 small-12 large-7\"  >\n\t\t<div class=\"col-inner\"  >\n\t\t\t\n\t\t\t\n<h2 class=\"uppercase\">Converse com um de nossos especialistas<\/h2>\n<p>Temos equipe capacitada para vendas t\u00e9cnicas e oferta das melhores solu\u00e7\u00f5es para empresas que necessitam de solu\u00e7\u00f5es em equipamentos, manuten\u00e7\u00e3o e insumos nas solu\u00e7\u00f5es de cobertura por aspers\u00e3o t\u00e9rmica<\/p>\n\t\t<\/div>\n\t<\/div>\n\n\t\n\n\t<div class=\"col medium-5 small-12 large-5\"  >\n\t\t<div class=\"col-inner text-right\"  >\n\t\t\t\n\t\t\t\n<a data-animate=\"flipInY\" class=\"button white is-outline is-larger\"  >\n    <span>Whatsapp<\/span>\n  <\/a>\n\n\t\t<\/div>\n\t<\/div>\n\n\t\n\n<style scope=\"scope\">\n\n<\/style>\n<\/div>\n<\/div><\/div><\/div>\n","protected":false},"excerpt":{"rendered":"","protected":false},"author":1,"featured_media":220,"parent":0,"menu_order":1,"comment_status":"closed","ping_status":"closed","template":"page-blank.php","meta":{"footnotes":""},"class_list":["post-55","page","type-page","status-publish","has-post-thumbnail","hentry"],"_links":{"self":[{"href":"https:\/\/aprovacao.website\/metaljet\/wp-json\/wp\/v2\/pages\/55","targetHints":{"allow":["GET"]}}],"collection":[{"href":"https:\/\/aprovacao.website\/metaljet\/wp-json\/wp\/v2\/pages"}],"about":[{"href":"https:\/\/aprovacao.website\/metaljet\/wp-json\/wp\/v2\/types\/page"}],"author":[{"embeddable":true,"href":"https:\/\/aprovacao.website\/metaljet\/wp-json\/wp\/v2\/users\/1"}],"replies":[{"embeddable":true,"href":"https:\/\/aprovacao.website\/metaljet\/wp-json\/wp\/v2\/comments?post=55"}],"version-history":[{"count":17,"href":"https:\/\/aprovacao.website\/metaljet\/wp-json\/wp\/v2\/pages\/55\/revisions"}],"predecessor-version":[{"id":327,"href":"https:\/\/aprovacao.website\/metaljet\/wp-json\/wp\/v2\/pages\/55\/revisions\/327"}],"wp:featuredmedia":[{"embeddable":true,"href":"https:\/\/aprovacao.website\/metaljet\/wp-json\/wp\/v2\/media\/220"}],"wp:attachment":[{"href":"https:\/\/aprovacao.website\/metaljet\/wp-json\/wp\/v2\/media?parent=55"}],"curies":[{"name":"wp","href":"https:\/\/api.w.org\/{rel}","templated":true}]}}