{"id":353,"date":"2023-04-26T18:30:05","date_gmt":"2023-04-26T21:30:05","guid":{"rendered":"https:\/\/aprovacao.website\/metaljet\/?page_id=353"},"modified":"2023-04-26T18:34:28","modified_gmt":"2023-04-26T21:34:28","slug":"servicos","status":"publish","type":"page","link":"https:\/\/aprovacao.website\/metaljet\/servicos\/","title":{"rendered":"Servi\u00e7os"},"content":{"rendered":"\n  <div class=\"banner has-hover has-parallax\" id=\"banner-1828852084\">\n          <div class=\"banner-inner fill\">\n        <div class=\"banner-bg fill\" data-parallax=\"-2\" data-parallax-container=\".banner\" data-parallax-background>\n            <div class=\"bg fill bg-fill \"><\/div>\n                        <div class=\"overlay\"><\/div>            \n                    <\/div>\n        <div class=\"banner-layers container\">\n            <div class=\"fill banner-link\"><\/div>            \n   <div id=\"text-box-201197346\" class=\"text-box banner-layer x50 md-x50 lg-x50 y50 md-y50 lg-y50 res-text\">\n                                <div class=\"text \">\n              \n              <div class=\"text-inner text-center\">\n                  \n\t<div id=\"gap-2092706398\" class=\"gap-element clearfix\" style=\"display:block; height:auto;\">\n\t\t\n<style scope=\"scope\">\n\n#gap-2092706398 {\n  padding-top: 30px;\n}\n<\/style>\n\t<\/div>\n\t\n<h3 class=\"uppercase\"><span style=\"color: #c0c0c0;\"><strong>Servi\u00e7os<\/strong><\/span><\/h3>\n<div class=\"is-divider divider clearfix\" style=\"max-width:67px;height:5px;background-color:rgb(255, 255, 255);\"><\/div>\n              <\/div>\n           <\/div>\n                            \n<style scope=\"scope\">\n\n#text-box-201197346 {\n  width: 60%;\n}\n#text-box-201197346 .text {\n  font-size: 100%;\n}\n<\/style>\n    <\/div>\n \n        <\/div>\n      <\/div>\n\n            \n<style scope=\"scope\">\n\n#banner-1828852084 {\n  padding-top: 178px;\n}\n#banner-1828852084 .bg.bg-loaded {\n  background-image: url(https:\/\/aprovacao.website\/metaljet\/wp-content\/uploads\/2023\/03\/Metalizacao-por-aspersao-1200x800.jpeg);\n}\n#banner-1828852084 .overlay {\n  background-color: rgba(0,0,0,.5);\n}\n#banner-1828852084 .bg {\n  background-position: 73% 67%;\n}\n<\/style>\n  <\/div>\n\n\n\t<section class=\"section\" id=\"section_1761973548\">\n\t\t<div class=\"bg section-bg fill bg-fill  bg-loaded\" >\n\n\t\t\t\n\t\t\t\n\t\t\t\n\n\t\t<\/div>\n\n\t\t<div class=\"section-content relative\">\n\t\t\t\n<div class=\"row\"  id=\"row-387159472\">\n\n\t<div class=\"col medium-1 small-12 large-1\"  >\n\t\t<div class=\"col-inner\"  >\n\t\t\t\n\t\t\t\n\t\t<\/div>\n\t<\/div>\n\n\t\n\n\t<div class=\"col medium-10 small-12 large-10\"  >\n\t\t<div class=\"col-inner\"  >\n\t\t\t\n\t\t\t\n<div class=\"accordion\" rel=\"1\">\n<div class=\"accordion-item\"><a href=\"#\" class=\"accordion-title plain\"><button class=\"toggle\"><i class=\"icon-angle-down\"><\/i><\/button><span>Manuten\u00e7\u00e3o<\/span><\/a><div class=\"accordion-inner\">\n<p>A Metaljet realiza manuten\u00e7\u00e3o preventiva e corretiva de todos os tipos de equipamentos de metaliza\u00e7\u00e3o (Arc Spray, Flame Spray, HVOF, PTA, Spray &amp; Fuse) .<\/p>\n<p>Os trabalhos de manuten\u00e7\u00e3o dos equipamentos s\u00e3o realizados por colaboradores altamente treinados e capacitados.<\/p>\n<\/div><\/div>\n<div class=\"accordion-item\"><a href=\"#\" class=\"accordion-title plain\"><button class=\"toggle\"><i class=\"icon-angle-down\"><\/i><\/button><span>Treinamento<\/span><\/a><div class=\"accordion-inner\">\n<p>Treinamentos de metaliza\u00e7\u00e3o ministrado por t\u00e9cnicos experientes, tanto in site como virtual, atrav\u00e9s de videoconfer\u00eancias, destacando os principais objetivos:<\/p>\n<ul>\n<li>Conhecendo o equipamento e par\u00e2metros primordiais de regulagem;<\/li>\n<li>Obtendo o revestimento desejado com efici\u00eancia e seguran\u00e7a;<\/li>\n<li>POP (Procedimentos Operacionais Padr\u00f5es) de como e quando realizar as devidas manuten\u00e7\u00f5es preventivas;<\/li>\n<li>Aplicando na pr\u00e1tica os conceitos adquiridos.<\/li>\n<\/ul>\n<\/div><\/div>\n<div class=\"accordion-item\"><a href=\"#\" class=\"accordion-title plain\"><button class=\"toggle\"><i class=\"icon-angle-down\"><\/i><\/button><span>Cursos e Palestras T\u00e9cnicas<\/span><\/a><div class=\"accordion-inner\">\n<div id=\"layout-content\">\n<div id=\"columns\">\n<div id=\"content\" class=\"container content border-none\">\n<div id=\"content-side\" class=\"side\">\n<div id=\"content-side2\" class=\"side2\">\n<div class=\"container-content\">\n<div id=\"content-content\">\n<div id=\"content-content-inner\" class=\"container-content-inner\">\n<div id=\"widget-f8cd4023-8015-1212-c77a-891b3799c043\" class=\"widget widget-pagecontent \">\n<div class=\"widget-content\">\n<div id=\"widget-e7748731-2bfb-4a34-a6f9-c75e41c1a0f3\" class=\"widget widget-text \">\n<div class=\"widget-content\">\n<p>Fornecemos cursos e palestras t\u00e9cnicas para nossos clientes de forma a que seu corpo t\u00e9cnico absorva conhecimento sobre as diferentes tecnologias de metaliza\u00e7\u00e3o, equipamentos, materiais, seguran\u00e7a do processo, de maneira a que se encontrem familiarizados para o manuseio correto das diversas t\u00e9cnicas.<\/p>\n<\/div>\n<\/div>\n<\/div>\n<\/div>\n<\/div>\n<\/div>\n<\/div>\n<\/div>\n<\/div>\n<\/div>\n<\/div>\n<\/div>\n<\/div><\/div>\n<\/div>\n\t\t<\/div>\n\t<\/div>\n\n\t\n<\/div>\n\t\t<\/div>\n\n\t\t\n<style scope=\"scope\">\n\n#section_1761973548 {\n  padding-top: 30px;\n  padding-bottom: 30px;\n}\n<\/style>\n\t<\/section>\n\t\n","protected":false},"excerpt":{"rendered":"","protected":false},"author":1,"featured_media":17,"parent":0,"menu_order":19,"comment_status":"closed","ping_status":"closed","template":"page-blank.php","meta":{"footnotes":""},"class_list":["post-353","page","type-page","status-publish","has-post-thumbnail","hentry"],"_links":{"self":[{"href":"https:\/\/aprovacao.website\/metaljet\/wp-json\/wp\/v2\/pages\/353","targetHints":{"allow":["GET"]}}],"collection":[{"href":"https:\/\/aprovacao.website\/metaljet\/wp-json\/wp\/v2\/pages"}],"about":[{"href":"https:\/\/aprovacao.website\/metaljet\/wp-json\/wp\/v2\/types\/page"}],"author":[{"embeddable":true,"href":"https:\/\/aprovacao.website\/metaljet\/wp-json\/wp\/v2\/users\/1"}],"replies":[{"embeddable":true,"href":"https:\/\/aprovacao.website\/metaljet\/wp-json\/wp\/v2\/comments?post=353"}],"version-history":[{"count":3,"href":"https:\/\/aprovacao.website\/metaljet\/wp-json\/wp\/v2\/pages\/353\/revisions"}],"predecessor-version":[{"id":356,"href":"https:\/\/aprovacao.website\/metaljet\/wp-json\/wp\/v2\/pages\/353\/revisions\/356"}],"wp:featuredmedia":[{"embeddable":true,"href":"https:\/\/aprovacao.website\/metaljet\/wp-json\/wp\/v2\/media\/17"}],"wp:attachment":[{"href":"https:\/\/aprovacao.website\/metaljet\/wp-json\/wp\/v2\/media?parent=353"}],"curies":[{"name":"wp","href":"https:\/\/api.w.org\/{rel}","templated":true}]}}