{"id":4495,"date":"2023-12-07T17:23:50","date_gmt":"2023-12-07T17:23:50","guid":{"rendered":"https:\/\/aprovacao.website\/logical\/?page_id=4495"},"modified":"2023-12-14T20:30:42","modified_gmt":"2023-12-14T20:30:42","slug":"vagas","status":"publish","type":"page","link":"https:\/\/aprovacao.website\/logical\/vagas\/","title":{"rendered":"Vagas"},"content":{"rendered":"\t<div id=\"gap-1902514382\" class=\"gap-element clearfix\" style=\"display:block; height:auto;\">\n\t\t\n<style>\n#gap-1902514382 {\n  padding-top: 60px;\n}\n<\/style>\n\t<\/div>\n\t\n\t<section class=\"section\" id=\"section_1305675924\">\n\t\t<div class=\"bg section-bg fill bg-fill  bg-loaded\" >\n\n\t\t\t\n\t\t\t\n\t\t\t\n\n\t\t<\/div>\n\n\t\t\n\n\t\t<div class=\"section-content relative\">\n\t\t\t\n<div class=\"row row-small\" style=\"max-width:85%\" id=\"row-2014784626\">\n\n\t<div id=\"col-2105880380\" class=\"col small-12 large-12\"  >\n\t\t\t\t<div class=\"col-inner\"  >\n\t\t\t\n\t\t\t\n\n<div id=\"inrecruiting_announces\"><\/div>\n\n\t\t<\/div>\n\t\t\t\t\t<\/div>\n\n\t\n\n<style>\n#row-2014784626 > .col > .col-inner {\n  background-color: rgb(255, 255, 255);\n}\n<\/style>\n<\/div>\n\t\t<\/div>\n\n\t\t\n<style>\n#section_1305675924 {\n  padding-top: 30px;\n  padding-bottom: 30px;\n  background-color: rgb(241, 241, 241);\n}\n<\/style>\n\t<\/section>\n\t\n","protected":false},"excerpt":{"rendered":"","protected":false},"author":1,"featured_media":0,"parent":0,"menu_order":0,"comment_status":"closed","ping_status":"closed","template":"page-transparent-header-light.php","meta":{"footnotes":""},"class_list":["post-4495","page","type-page","status-publish","hentry"],"yoast_head":"<!-- This site is optimized with the Yoast SEO Premium plugin v19.1 (Yoast SEO v27.4) - https:\/\/yoast.com\/product\/yoast-seo-premium-wordpress\/ -->\n<title>Vagas - Logical Minds<\/title>\n<meta name=\"description\" content=\"Conhe\u00e7a nossas vagas em aberto e cadastre-se para nossos sele\u00e7\u00f5es de profissionais de Ti para projetos em Empresas.\" \/>\n<meta name=\"robots\" content=\"index, follow, max-snippet:-1, max-image-preview:large, max-video-preview:-1\" \/>\n<link rel=\"canonical\" href=\"https:\/\/aprovacao.website\/logical\/vagas\/\" \/>\n<meta property=\"og:locale\" content=\"pt_BR\" \/>\n<meta property=\"og:type\" content=\"article\" \/>\n<meta property=\"og:title\" content=\"Vagas\" \/>\n<meta property=\"og:description\" content=\"Conhe\u00e7a nossas vagas em aberto e cadastre-se para nossos sele\u00e7\u00f5es de profissionais de Ti para projetos em Empresas.\" \/>\n<meta property=\"og:url\" content=\"https:\/\/aprovacao.website\/logical\/vagas\/\" \/>\n<meta property=\"og:site_name\" content=\"Logical Minds\" \/>\n<meta property=\"article:publisher\" content=\"https:\/\/www.facebook.com\/logicalmindsbrasil\" \/>\n<meta property=\"article:modified_time\" content=\"2023-12-14T20:30:42+00:00\" \/>\n<meta property=\"og:image\" content=\"https:\/\/aprovacao.website\/logical\/wp-content\/uploads\/2023\/03\/icone2.png\" \/>\n\t<meta property=\"og:image:width\" content=\"282\" \/>\n\t<meta property=\"og:image:height\" content=\"304\" \/>\n\t<meta property=\"og:image:type\" content=\"image\/png\" \/>\n<meta name=\"twitter:card\" content=\"summary_large_image\" \/>\n<script type=\"application\/ld+json\" class=\"yoast-schema-graph\">{\"@context\":\"https:\\\/\\\/schema.org\",\"@graph\":[{\"@type\":\"WebPage\",\"@id\":\"https:\\\/\\\/aprovacao.website\\\/logical\\\/vagas\\\/\",\"url\":\"https:\\\/\\\/aprovacao.website\\\/logical\\\/vagas\\\/\",\"name\":\"Vagas - Logical Minds\",\"isPartOf\":{\"@id\":\"https:\\\/\\\/aprovacao.website\\\/logical\\\/#website\"},\"datePublished\":\"2023-12-07T17:23:50+00:00\",\"dateModified\":\"2023-12-14T20:30:42+00:00\",\"description\":\"Conhe\u00e7a nossas vagas em aberto e cadastre-se para nossos sele\u00e7\u00f5es de profissionais de Ti para projetos em Empresas.\",\"breadcrumb\":{\"@id\":\"https:\\\/\\\/aprovacao.website\\\/logical\\\/vagas\\\/#breadcrumb\"},\"inLanguage\":\"pt-BR\",\"potentialAction\":[{\"@type\":\"ReadAction\",\"target\":[\"https:\\\/\\\/aprovacao.website\\\/logical\\\/vagas\\\/\"]}]},{\"@type\":\"BreadcrumbList\",\"@id\":\"https:\\\/\\\/aprovacao.website\\\/logical\\\/vagas\\\/#breadcrumb\",\"itemListElement\":[{\"@type\":\"ListItem\",\"position\":1,\"name\":\"In\u00edcio\",\"item\":\"https:\\\/\\\/aprovacao.website\\\/logical\\\/\"},{\"@type\":\"ListItem\",\"position\":2,\"name\":\"Vagas\"}]},{\"@type\":\"WebSite\",\"@id\":\"https:\\\/\\\/aprovacao.website\\\/logical\\\/#website\",\"url\":\"https:\\\/\\\/aprovacao.website\\\/logical\\\/\",\"name\":\"Logical Minds\",\"description\":\"Empresas: Recrutamos e alocamos profissionais de TI conforme a sua necessidade. Profissionais: Encontramos as melhores oportunidades de carreira em TI\",\"publisher\":{\"@id\":\"https:\\\/\\\/aprovacao.website\\\/logical\\\/#organization\"},\"potentialAction\":[{\"@type\":\"SearchAction\",\"target\":{\"@type\":\"EntryPoint\",\"urlTemplate\":\"https:\\\/\\\/aprovacao.website\\\/logical\\\/?s={search_term_string}\"},\"query-input\":{\"@type\":\"PropertyValueSpecification\",\"valueRequired\":true,\"valueName\":\"search_term_string\"}}],\"inLanguage\":\"pt-BR\"},{\"@type\":\"Organization\",\"@id\":\"https:\\\/\\\/aprovacao.website\\\/logical\\\/#organization\",\"name\":\"Logical Minds\",\"url\":\"https:\\\/\\\/aprovacao.website\\\/logical\\\/\",\"logo\":{\"@type\":\"ImageObject\",\"inLanguage\":\"pt-BR\",\"@id\":\"https:\\\/\\\/aprovacao.website\\\/logical\\\/#\\\/schema\\\/logo\\\/image\\\/\",\"url\":\"https:\\\/\\\/aprovacao.website\\\/logical\\\/wp-content\\\/uploads\\\/2016\\\/10\\\/cropped-Logical-Minds-0004.Site-institucional-Logo-Header_20161005-02.png\",\"contentUrl\":\"https:\\\/\\\/aprovacao.website\\\/logical\\\/wp-content\\\/uploads\\\/2016\\\/10\\\/cropped-Logical-Minds-0004.Site-institucional-Logo-Header_20161005-02.png\",\"width\":512,\"height\":512,\"caption\":\"Logical Minds\"},\"image\":{\"@id\":\"https:\\\/\\\/aprovacao.website\\\/logical\\\/#\\\/schema\\\/logo\\\/image\\\/\"},\"sameAs\":[\"https:\\\/\\\/www.facebook.com\\\/logicalmindsbrasil\",\"https:\\\/\\\/www.instagram.com\\\/logicalminds.it\\\/\",\"https:\\\/\\\/www.linkedin.com\\\/company\\\/logical-minds\\\/\",\"https:\\\/\\\/www.youtube.com\\\/@logicalminds3292\"]}]}<\/script>\n<!-- \/ Yoast SEO Premium plugin. -->","yoast_head_json":{"title":"Vagas - Logical Minds","description":"Conhe\u00e7a nossas vagas em aberto e cadastre-se para nossos sele\u00e7\u00f5es de profissionais de Ti para projetos em Empresas.","robots":{"index":"index","follow":"follow","max-snippet":"max-snippet:-1","max-image-preview":"max-image-preview:large","max-video-preview":"max-video-preview:-1"},"canonical":"https:\/\/aprovacao.website\/logical\/vagas\/","og_locale":"pt_BR","og_type":"article","og_title":"Vagas","og_description":"Conhe\u00e7a nossas vagas em aberto e cadastre-se para nossos sele\u00e7\u00f5es de profissionais de Ti para projetos em Empresas.","og_url":"https:\/\/aprovacao.website\/logical\/vagas\/","og_site_name":"Logical Minds","article_publisher":"https:\/\/www.facebook.com\/logicalmindsbrasil","article_modified_time":"2023-12-14T20:30:42+00:00","og_image":[{"width":282,"height":304,"url":"https:\/\/aprovacao.website\/logical\/wp-content\/uploads\/2023\/03\/icone2.png","type":"image\/png"}],"twitter_card":"summary_large_image","schema":{"@context":"https:\/\/schema.org","@graph":[{"@type":"WebPage","@id":"https:\/\/aprovacao.website\/logical\/vagas\/","url":"https:\/\/aprovacao.website\/logical\/vagas\/","name":"Vagas - Logical Minds","isPartOf":{"@id":"https:\/\/aprovacao.website\/logical\/#website"},"datePublished":"2023-12-07T17:23:50+00:00","dateModified":"2023-12-14T20:30:42+00:00","description":"Conhe\u00e7a nossas vagas em aberto e cadastre-se para nossos sele\u00e7\u00f5es de profissionais de Ti para projetos em Empresas.","breadcrumb":{"@id":"https:\/\/aprovacao.website\/logical\/vagas\/#breadcrumb"},"inLanguage":"pt-BR","potentialAction":[{"@type":"ReadAction","target":["https:\/\/aprovacao.website\/logical\/vagas\/"]}]},{"@type":"BreadcrumbList","@id":"https:\/\/aprovacao.website\/logical\/vagas\/#breadcrumb","itemListElement":[{"@type":"ListItem","position":1,"name":"In\u00edcio","item":"https:\/\/aprovacao.website\/logical\/"},{"@type":"ListItem","position":2,"name":"Vagas"}]},{"@type":"WebSite","@id":"https:\/\/aprovacao.website\/logical\/#website","url":"https:\/\/aprovacao.website\/logical\/","name":"Logical Minds","description":"Empresas: Recrutamos e alocamos profissionais de TI conforme a sua necessidade. Profissionais: Encontramos as melhores oportunidades de carreira em TI","publisher":{"@id":"https:\/\/aprovacao.website\/logical\/#organization"},"potentialAction":[{"@type":"SearchAction","target":{"@type":"EntryPoint","urlTemplate":"https:\/\/aprovacao.website\/logical\/?s={search_term_string}"},"query-input":{"@type":"PropertyValueSpecification","valueRequired":true,"valueName":"search_term_string"}}],"inLanguage":"pt-BR"},{"@type":"Organization","@id":"https:\/\/aprovacao.website\/logical\/#organization","name":"Logical Minds","url":"https:\/\/aprovacao.website\/logical\/","logo":{"@type":"ImageObject","inLanguage":"pt-BR","@id":"https:\/\/aprovacao.website\/logical\/#\/schema\/logo\/image\/","url":"https:\/\/aprovacao.website\/logical\/wp-content\/uploads\/2016\/10\/cropped-Logical-Minds-0004.Site-institucional-Logo-Header_20161005-02.png","contentUrl":"https:\/\/aprovacao.website\/logical\/wp-content\/uploads\/2016\/10\/cropped-Logical-Minds-0004.Site-institucional-Logo-Header_20161005-02.png","width":512,"height":512,"caption":"Logical Minds"},"image":{"@id":"https:\/\/aprovacao.website\/logical\/#\/schema\/logo\/image\/"},"sameAs":["https:\/\/www.facebook.com\/logicalmindsbrasil","https:\/\/www.instagram.com\/logicalminds.it\/","https:\/\/www.linkedin.com\/company\/logical-minds\/","https:\/\/www.youtube.com\/@logicalminds3292"]}]}},"_links":{"self":[{"href":"https:\/\/aprovacao.website\/logical\/wp-json\/wp\/v2\/pages\/4495","targetHints":{"allow":["GET"]}}],"collection":[{"href":"https:\/\/aprovacao.website\/logical\/wp-json\/wp\/v2\/pages"}],"about":[{"href":"https:\/\/aprovacao.website\/logical\/wp-json\/wp\/v2\/types\/page"}],"author":[{"embeddable":true,"href":"https:\/\/aprovacao.website\/logical\/wp-json\/wp\/v2\/users\/1"}],"replies":[{"embeddable":true,"href":"https:\/\/aprovacao.website\/logical\/wp-json\/wp\/v2\/comments?post=4495"}],"version-history":[{"count":3,"href":"https:\/\/aprovacao.website\/logical\/wp-json\/wp\/v2\/pages\/4495\/revisions"}],"predecessor-version":[{"id":4512,"href":"https:\/\/aprovacao.website\/logical\/wp-json\/wp\/v2\/pages\/4495\/revisions\/4512"}],"wp:attachment":[{"href":"https:\/\/aprovacao.website\/logical\/wp-json\/wp\/v2\/media?parent=4495"}],"curies":[{"name":"wp","href":"https:\/\/api.w.org\/{rel}","templated":true}]}}