{"id":12,"date":"2022-12-20T14:22:19","date_gmt":"2022-12-20T14:22:19","guid":{"rendered":"https:\/\/aprovacao.website\/ffaadvogados\/?page_id=12"},"modified":"2022-12-23T01:25:14","modified_gmt":"2022-12-23T01:25:14","slug":"areas-de-atuacao","status":"publish","type":"page","link":"https:\/\/aprovacao.website\/ffaadvogados\/areas-de-atuacao\/","title":{"rendered":"\u00c1reas de atua\u00e7\u00e3o"},"content":{"rendered":"\n  <div class=\"banner has-hover\" id=\"banner-1802748277\">\n          <div class=\"banner-inner fill\">\n        <div class=\"banner-bg fill\" >\n            <div class=\"bg fill bg-fill \"><\/div>\n                        <div class=\"overlay\"><\/div>            \n                    <\/div>\n\t\t\n        <div class=\"banner-layers container\">\n            <div class=\"fill banner-link\"><\/div>            \n   <div id=\"text-box-1934322918\" class=\"text-box banner-layer x50 md-x50 lg-x50 y50 md-y50 lg-y50 res-text\">\n                                <div class=\"text-box-content text dark\">\n              \n              <div class=\"text-inner text-center\">\n                  \n\t<div id=\"text-3858118163\" class=\"text\">\n\t\t\n<h3 class=\"uppercase thin-font\" style=\"text-align: center;\">\u00c1reas de Atua\u00e7\u00e3o<\/h3>\n\t\t\n<style>\n#text-3858118163 {\n  font-size: 1.6rem;\n  text-align: left;\n}\n<\/style>\n\t<\/div>\n\t\n              <\/div>\n           <\/div>\n                            \n<style>\n#text-box-1934322918 {\n  width: 54%;\n}\n#text-box-1934322918 .text-box-content {\n  font-size: 100%;\n}\n<\/style>\n    <\/div>\n \n        <\/div>\n      <\/div>\n\n            \n<style>\n#banner-1802748277 {\n  padding-top: 500px;\n}\n#banner-1802748277 .bg.bg-loaded {\n  background-image: url(https:\/\/aprovacao.website\/ffaadvogados\/wp-content\/uploads\/2022\/12\/foto1.jpg);\n}\n#banner-1802748277 .overlay {\n  background-color: rgba(0,0,0,.5);\n}\n#banner-1802748277 .bg {\n  background-position: 34% 78%;\n}\n#banner-1802748277 .ux-shape-divider--top svg {\n  height: 150px;\n  --divider-top-width: 100%;\n}\n#banner-1802748277 .ux-shape-divider--bottom svg {\n  height: 150px;\n  --divider-width: 100%;\n}\n<\/style>\n  <\/div>\n\n\n\t<section class=\"section\" id=\"section_588239826\">\n\t\t<div class=\"bg section-bg fill bg-fill  bg-loaded\" >\n\n\t\t\t\n\t\t\t\n\t\t\t\n\n\t\t<\/div>\n\n\t\t\n\n\t\t<div class=\"section-content relative\">\n\t\t\t\n<div class=\"row row-large row-full-width align-center\"  id=\"row-1061768544\">\n\n\t<div id=\"col-898291502\" class=\"col medium-5 small-12 large-5\"  >\n\t\t\t\t<div class=\"col-inner text-center box-shadow-3\"  >\n\t\t\t\n\t<div class=\"is-border\"\n\t\tstyle=\"border-width:0px 0px 0px 0px;\">\n\t<\/div>\n\t\t\t\n\n  <div class=\"banner has-hover bg-zoom\" id=\"banner-308567698\">\n          <div class=\"banner-inner fill\">\n        <div class=\"banner-bg fill\" >\n            <div class=\"bg fill bg-fill \"><\/div>\n                        <div class=\"overlay\"><\/div>            \n                    <\/div>\n\t\t\n        <div class=\"banner-layers container\">\n            <div class=\"fill banner-link\"><\/div>            \n   <div id=\"text-box-769585142\" class=\"text-box banner-layer x95 md-x95 lg-x95 y80 md-y80 lg-y80 res-text\">\n                     <div data-animate=\"fadeInLeft\">           <div class=\"text-box-content text dark\">\n              \n\t<div class=\"is-border\"\n\t\tstyle=\"border-width:0px 0px 0px 1px;margin:37px 0px 0px -16px;\">\n\t<\/div>\n              <div class=\"text-inner text-left\">\n                  \n\t<div id=\"text-548643590\" class=\"text\">\n\t\t\n<h3 class=\"uppercase\"><strong>direito Trabalhista<\/strong><\/h3>\n<p><span style=\"font-size: 115%;\">Lorem ipsum dolor sit amet, consectetuer adipiscing elit, sed diam nonummy nibh euismod tincidunt ut laoreet dolore magna aliquam erat volutpat.<\/span><\/p>\n\t\t\n<style>\n#text-548643590 {\n  font-size: 0.85rem;\n  line-height: 1.25;\n  text-align: left;\n}\n<\/style>\n\t<\/div>\n\t\n<a href=\"https:\/\/aprovacao.website\/ffaadvogados\/areas-de-atuacao\/direito-trabalhista\/\" target=\"_self\" class=\"button primary\"  >\n    <span>Saiba mais<\/span>\n  <\/a>\n\n              <\/div>\n           <\/div>\n       <\/div>                     \n<style>\n#text-box-769585142 {\n  width: 82%;\n}\n#text-box-769585142 .text-box-content {\n  font-size: 186%;\n}\n<\/style>\n    <\/div>\n \n        <\/div>\n      <\/div>\n\n            \n<style>\n#banner-308567698 {\n  padding-top: 500px;\n}\n#banner-308567698 .bg.bg-loaded {\n  background-image: url(https:\/\/aprovacao.website\/ffaadvogados\/wp-content\/uploads\/2022\/12\/photo.png);\n}\n#banner-308567698 .overlay {\n  background-color: rgba(12, 7, 10, 0.826);\n}\n#banner-308567698 .bg {\n  background-position: 35% 0%;\n}\n#banner-308567698 .ux-shape-divider--top svg {\n  height: 150px;\n  --divider-top-width: 100%;\n}\n#banner-308567698 .ux-shape-divider--bottom svg {\n  height: 150px;\n  --divider-width: 100%;\n}\n<\/style>\n  <\/div>\n\n\n\t\t<\/div>\n\t\t\t\t\t<\/div>\n\n\t\n\n\t<div id=\"col-2129392156\" class=\"col medium-5 small-12 large-5\"  >\n\t\t\t\t<div class=\"col-inner text-center box-shadow-3\"  >\n\t\t\t\n\t<div class=\"is-border\"\n\t\tstyle=\"border-width:0px 0px 0px 0px;\">\n\t<\/div>\n\t\t\t\n\n  <div class=\"banner has-hover bg-zoom\" id=\"banner-1097630335\">\n          <div class=\"banner-inner fill\">\n        <div class=\"banner-bg fill\" >\n            <div class=\"bg fill bg-fill \"><\/div>\n                        <div class=\"overlay\"><\/div>            \n                    <\/div>\n\t\t\n        <div class=\"banner-layers container\">\n            <div class=\"fill banner-link\"><\/div>            \n   <div id=\"text-box-223451630\" class=\"text-box banner-layer x95 md-x95 lg-x95 y80 md-y80 lg-y80 res-text\">\n                     <div data-animate=\"fadeInLeft\">           <div class=\"text-box-content text dark\">\n              \n\t<div class=\"is-border\"\n\t\tstyle=\"border-width:0px 0px 0px 1px;margin:37px 0px 0px -16px;\">\n\t<\/div>\n              <div class=\"text-inner text-left\">\n                  \n\t<div id=\"text-3324138028\" class=\"text\">\n\t\t\n<h3 class=\"uppercase\"><strong>direito Tribut\u00e1rio<\/strong><\/h3>\n<p><span style=\"font-size: 115%;\">Lorem ipsum dolor sit amet, consectetuer adipiscing elit, sed diam nonummy nibh euismod tincidunt ut laoreet dolore magna aliquam erat volutpat.<\/span><\/p>\n\t\t\n<style>\n#text-3324138028 {\n  font-size: 0.85rem;\n  line-height: 1.25;\n  text-align: left;\n}\n<\/style>\n\t<\/div>\n\t\n<a href=\"https:\/\/aprovacao.website\/ffaadvogados\/areas-de-atuacao\/direito-tributario\/\" target=\"_self\" class=\"button primary\"  >\n    <span>Saiba mais<\/span>\n  <\/a>\n\n              <\/div>\n           <\/div>\n       <\/div>                     \n<style>\n#text-box-223451630 {\n  width: 82%;\n}\n#text-box-223451630 .text-box-content {\n  font-size: 186%;\n}\n<\/style>\n    <\/div>\n \n        <\/div>\n      <\/div>\n\n            \n<style>\n#banner-1097630335 {\n  padding-top: 500px;\n}\n#banner-1097630335 .bg.bg-loaded {\n  background-image: url(https:\/\/aprovacao.website\/ffaadvogados\/wp-content\/uploads\/2022\/12\/photo1.png);\n}\n#banner-1097630335 .overlay {\n  background-color: rgba(10, 5, 8, 0.826);\n}\n#banner-1097630335 .bg {\n  background-position: 100% 0%;\n}\n#banner-1097630335 .ux-shape-divider--top svg {\n  height: 150px;\n  --divider-top-width: 100%;\n}\n#banner-1097630335 .ux-shape-divider--bottom svg {\n  height: 150px;\n  --divider-width: 100%;\n}\n<\/style>\n  <\/div>\n\n\n\t\t<\/div>\n\t\t\t\t\t<\/div>\n\n\t\n<\/div>\n\t\t<\/div>\n\n\t\t\n<style>\n#section_588239826 {\n  padding-top: 60px;\n  padding-bottom: 60px;\n  min-height: 300px;\n  background-color: rgb(255, 255, 255);\n}\n#section_588239826 .ux-shape-divider--top svg {\n  height: 150px;\n  --divider-top-width: 100%;\n}\n#section_588239826 .ux-shape-divider--bottom svg {\n  height: 150px;\n  --divider-width: 100%;\n}\n<\/style>\n\t<\/section>\n\t\n","protected":false},"excerpt":{"rendered":"","protected":false},"author":1,"featured_media":0,"parent":0,"menu_order":0,"comment_status":"closed","ping_status":"closed","template":"page-transparent-header-light.php","meta":{"footnotes":""},"class_list":["post-12","page","type-page","status-publish","hentry"],"_links":{"self":[{"href":"https:\/\/aprovacao.website\/ffaadvogados\/wp-json\/wp\/v2\/pages\/12","targetHints":{"allow":["GET"]}}],"collection":[{"href":"https:\/\/aprovacao.website\/ffaadvogados\/wp-json\/wp\/v2\/pages"}],"about":[{"href":"https:\/\/aprovacao.website\/ffaadvogados\/wp-json\/wp\/v2\/types\/page"}],"author":[{"embeddable":true,"href":"https:\/\/aprovacao.website\/ffaadvogados\/wp-json\/wp\/v2\/users\/1"}],"replies":[{"embeddable":true,"href":"https:\/\/aprovacao.website\/ffaadvogados\/wp-json\/wp\/v2\/comments?post=12"}],"version-history":[{"count":29,"href":"https:\/\/aprovacao.website\/ffaadvogados\/wp-json\/wp\/v2\/pages\/12\/revisions"}],"predecessor-version":[{"id":247,"href":"https:\/\/aprovacao.website\/ffaadvogados\/wp-json\/wp\/v2\/pages\/12\/revisions\/247"}],"wp:attachment":[{"href":"https:\/\/aprovacao.website\/ffaadvogados\/wp-json\/wp\/v2\/media?parent=12"}],"curies":[{"name":"wp","href":"https:\/\/api.w.org\/{rel}","templated":true}]}}