{"id":295,"date":"2022-11-11T11:12:25","date_gmt":"2022-11-11T14:12:25","guid":{"rendered":"https:\/\/aprovacao.website\/cvale\/site\/?post_type=product&#038;p=295"},"modified":"2024-08-16T10:18:34","modified_gmt":"2024-08-16T13:18:34","slug":"adesao-cartorio-top","status":"publish","type":"product","link":"https:\/\/aprovacao.website\/cvale\/produto\/adesao-cartorio-top\/","title":{"rendered":"Ades\u00e3o Cart\u00f3rio Top"},"content":{"rendered":"<p><img loading=\"lazy\" decoding=\"async\" class=\"wp-image-849 alignleft\" src=\"https:\/\/aprovacao.website\/cvale\/wp-content\/uploads\/2023\/12\/Cartorio-Anjo.png\" alt=\"\" width=\"132\" height=\"132\" \/>Para aderir ao Cart\u00f3rio Top clique no bot\u00e3o COMPRAR ao lado, em seguida forne\u00e7a os dados do SNR e proceda o pagamento.<br \/>\nS\u00e3o tr\u00eas formas de pagamento: boleto, pix e cart\u00e3o de cr\u00e9dito.<br \/>\nAssim que o pagamento for compensado, o SNR receber\u00e1 o login e senha atrav\u00e9s do e-mail fornecido no cadastro e obter\u00e1 o acesso aos treinamentos e todas as informa\u00e7\u00f5es para efetuar a autoavalia\u00e7\u00e3o, baixar o e-book, modelos de documentos,\u00a0 formul\u00e1rio de autoavalia\u00e7\u00e3o e avalia\u00e7\u00e3o pelo organismo independente.<\/p>\n<p>&nbsp;<\/p>\n","protected":false},"excerpt":{"rendered":"<p><img loading=\"lazy\" decoding=\"async\" class=\"wp-image-849 alignleft\" src=\"https:\/\/aprovacao.website\/cvale\/site\/wp-content\/uploads\/2023\/12\/Cartorio-Anjo.png\" alt=\"\" width=\"167\" height=\"167\" \/>Para aderir ao Cart\u00f3rio Top basta preencher o cadastro abaixo e me seguida efetuar o pagamento.<br \/>\nS\u00e3o tr\u00eas formas de pagamento: pix, boleto e cart\u00e3o de cr\u00e9dito.<br \/>\nAssim que o pagamento for compensado, voc\u00ea receber\u00e1 o login e senha de acesso para os treinamentos e todas as informa\u00e7\u00f5es para efetuar a autoavalia\u00e7\u00e3o, ter acesso ao e-book, modelos de documentos e avalia\u00e7\u00e3o guiada.<\/p>\n<p>&nbsp;<\/p>\n<p>&nbsp;<\/p>\n","protected":false},"featured_media":0,"comment_status":"open","ping_status":"closed","template":"","meta":[],"product_brand":[],"product_cat":[18],"product_tag":[],"class_list":{"0":"post-295","1":"product","2":"type-product","3":"status-publish","5":"product_cat-adesao","7":"first","8":"onbackorder","9":"featured","10":"virtual","11":"sold-individually","12":"purchasable","13":"product-type-simple"},"_links":{"self":[{"href":"https:\/\/aprovacao.website\/cvale\/wp-json\/wp\/v2\/product\/295","targetHints":{"allow":["GET"]}}],"collection":[{"href":"https:\/\/aprovacao.website\/cvale\/wp-json\/wp\/v2\/product"}],"about":[{"href":"https:\/\/aprovacao.website\/cvale\/wp-json\/wp\/v2\/types\/product"}],"replies":[{"embeddable":true,"href":"https:\/\/aprovacao.website\/cvale\/wp-json\/wp\/v2\/comments?post=295"}],"wp:attachment":[{"href":"https:\/\/aprovacao.website\/cvale\/wp-json\/wp\/v2\/media?parent=295"}],"wp:term":[{"taxonomy":"product_brand","embeddable":true,"href":"https:\/\/aprovacao.website\/cvale\/wp-json\/wp\/v2\/product_brand?post=295"},{"taxonomy":"product_cat","embeddable":true,"href":"https:\/\/aprovacao.website\/cvale\/wp-json\/wp\/v2\/product_cat?post=295"},{"taxonomy":"product_tag","embeddable":true,"href":"https:\/\/aprovacao.website\/cvale\/wp-json\/wp\/v2\/product_tag?post=295"}],"curies":[{"name":"wp","href":"https:\/\/api.w.org\/{rel}","templated":true}]}}