{"id":334,"date":"2021-08-03T21:01:23","date_gmt":"2021-08-03T21:01:23","guid":{"rendered":"https:\/\/aprovacao.website\/brisot\/?page_id=334"},"modified":"2021-08-03T21:01:52","modified_gmt":"2021-08-03T21:01:52","slug":"pqta-anoreg","status":"publish","type":"page","link":"https:\/\/aprovacao.website\/brisot\/pqta-anoreg\/","title":{"rendered":"PQTA &#8211; ANOREG"},"content":{"rendered":"<div   data-size='featured_large'  data-lightbox_size='large'  data-animation='fade'  data-conditional_play=''  data-ids='324'  data-video_counter='0'  data-autoplay='true'  data-bg_slider='false'  data-slide_height=''  data-handle='av_slideshow'  data-interval='5'  data-class=' avia-builder-el-0  el_before_av_one_full  avia-builder-el-first  '  data-el_id=''  data-css_id=''  data-scroll_down=''  data-control_layout='av-control-hidden'  data-custom_markup=''  data-perma_caption=''  data-autoplay_stopper=''  data-image_attachment=''  data-min_height='0px'  data-lazy_loading='disabled'  data-default-height='42'  class='avia-slideshow avia-slideshow-1  av-control-hidden av-default-height-applied avia-slideshow-featured_large av_slideshow  avia-builder-el-0  el_before_av_one_full  avia-builder-el-first   avia-fade-slider '  itemprop=\"image\" itemscope=\"itemscope\" itemtype=\"https:\/\/schema.org\/ImageObject\" ><ul class='avia-slideshow-inner ' style='padding-bottom: 25.860155382908%;' ><li  class=' av-single-slide slide-1 ' ><div data-rel='slideshow-1' class='avia-slide-wrap '   ><img decoding=\"async\" class=\"wp-image-324 avia-img-lazy-loading-not-324\"  src=\"https:\/\/aprovacao.website\/brisot\/wp-content\/uploads\/2021\/08\/medical-devices.png\" width=\"901\" height=\"233\" title='medical-devices' alt=''  itemprop=\"thumbnailUrl\" srcset=\"https:\/\/aprovacao.website\/brisot\/wp-content\/uploads\/2021\/08\/medical-devices.png 901w, https:\/\/aprovacao.website\/brisot\/wp-content\/uploads\/2021\/08\/medical-devices-300x78.png 300w, https:\/\/aprovacao.website\/brisot\/wp-content\/uploads\/2021\/08\/medical-devices-768x199.png 768w, https:\/\/aprovacao.website\/brisot\/wp-content\/uploads\/2021\/08\/medical-devices-705x182.png 705w\" sizes=\"(max-width: 901px) 100vw, 901px\" \/><\/div><\/li><\/ul><\/div>\n<div class=\"flex_column av_one_full  av-animated-generic bottom-to-top  flex_column_div av-zero-column-padding first  avia-builder-el-1  el_after_av_slideshow  el_before_av_one_full  \" style='margin-top:0px; margin-bottom:0px; border-radius:0px; '><p><div  style='padding-bottom:0px; ' class='av-special-heading av-special-heading-h2  blockquote modern-quote  avia-builder-el-2  el_before_av_hr  avia-builder-el-first  '><h2 class='av-special-heading-tag '  itemprop=\"headline\"  >PQTA &#8211; ANOREG<\/h2><div class='special-heading-border'><div class='special-heading-inner-border' ><\/div><\/div><\/div><br \/>\n<div  style=' margin-top:10px; margin-bottom:10px;'  class='hr hr-custom hr-left hr-icon-no   avia-builder-el-3  el_after_av_heading  avia-builder-el-last '><span class='hr-inner  inner-border-av-border-fat' style=' width:50px; border-color:#fe7300;' ><span class='hr-inner-style'><\/span><\/span><\/div><\/p><\/div><div class=\"flex_column av_one_full  av-animated-generic bottom-to-top  flex_column_div av-zero-column-padding first  avia-builder-el-4  el_after_av_one_full  el_before_av_button  column-top-margin\" style='margin-top:0px; margin-bottom:0px; border-radius:0px; '><section class=\"av_textblock_section \"  itemscope=\"itemscope\" itemtype=\"https:\/\/schema.org\/CreativeWork\" ><div class='avia_textblock  '   itemprop=\"text\" ><p><strong>Etapas para conquista do Pr\u00eamio Diamante &#8211; PQTA (Pr\u00eamio da Qualidade Total Anoreg)<\/strong><\/p>\n<p><strong>Capacita\u00e7\u00e3o<\/strong><\/p>\n<p>Realizamos treinamentos presenciais para forma\u00e7\u00e3o de multiplicadores internos nos seguintes assuntos:<\/p>\n<ul>\n<li>Gest\u00e3o por processos<\/li>\n<li>Gest\u00e3o estrat\u00e9gica<\/li>\n<li>An\u00e1lise de riscos e oportunidades<\/li>\n<li>Requisitos da NBR ISO 9001:2015<\/li>\n<li>Requisitos da NBR 15906:2021<\/li>\n<li>Crit\u00e9rios do PQTA<\/li>\n<\/ul>\n<p><strong>Consultoria<\/strong><\/p>\n<p>As consultorias s\u00e3o presenciais, ou seja, olho-no-olho. O consultor com experi\u00eancia no segmento<span class=\"apple-converted-space\">\u00a0<\/span>avalia e determina junto com as lideran\u00e7as\u00a0as necessidades de cada processo e direciona os profissionais da serventia a: determinar seus procedimentos e instru\u00e7\u00f5es, avaliar e monitorar riscos e oportunidades significativas, definir objetivos e os planos de a\u00e7\u00e3o para atingir suas metas.<\/p>\n<p>A preocupa\u00e7\u00e3o da equipe Brisot \u00e9 padronizar as principais atividades dos processos, buscando sempre melhorar a performance dos servi\u00e7os prestados aos usu\u00e1rios.<\/p>\n<p>Outro diferencial de nosso m\u00e9todo de consultoria \u00e9 a n\u00e3o cria\u00e7\u00e3o de depend\u00eancia do consultor, ou seja, os profissionais constroem um sistema de gest\u00e3o de seu processo de forma sustent\u00e1vel e aut\u00f4noma.<\/p>\n<p>Durante as consultorias presenciais, apresentamos muitos modelos de documentos, formul\u00e1rios, planilhas, sistemas informatizados e indicadores, por\u00e9m, cada<span class=\"apple-converted-space\">\u00a0<\/span>delegat\u00e1rio deve\u00a0adotar a sua forma\u00a0e<span class=\"apple-converted-space\">\u00a0<\/span>o seu jeito. Com isso o sistema de gest\u00e3o se torna personalizado e \u00fanico, com base na miss\u00e3o, vis\u00e3o e valores da serventia. Nada de receitas prontas e m\u00e9todos travados ou robotizados.<\/p>\n<p>Nas consultorias orientamos e aplicamos devidamente os requisitos nas normas NBR ISO 9001:2015, NBR 15906:2010 e tamb\u00e9m os crit\u00e9rios do PQTA.<\/p>\n<p><strong>Auditoria Interna<\/strong><\/p>\n<p>As auditorias internas s\u00e3o realizadas sempre por um auditor independente e especializado, ou seja, que n\u00e3o participou das<span class=\"apple-converted-space\">\u00a0<\/span>atividades\u00a0de consultoria e que j\u00e1 passou por diversas outras serventias e conhece bem o assunto e o segmento.\u00a0Esse formato evita que tenhamos falhas de grau maior nas auditorias de certifica\u00e7\u00e3o das normas NBR ISO 9001:2015 e NBR 15906:2010, bem como, dem\u00e9ritos nas auditorias externas do PQTA.<\/p>\n<p><strong>Acompanhamento da Certifica\u00e7\u00e3o e Avalia\u00e7\u00e3o PQTA<\/strong><\/p>\n<p>Durante as auditorias de certifica\u00e7\u00e3o por organismos certificadores ou por auditores do PQTA, um especialista da Brisot fica de plant\u00e3o na serventia para auxiliar em quaisquer situa\u00e7\u00f5es de d\u00favidas, interpreta\u00e7\u00e3o normativa, ajustes de linguagem entre os auditores e auditados. Obviamente n\u00e3o interferimos no processo de auditoria, afinal, quem tem que aprender fazendo \u00e9 a equipe de trabalho da serventia.<\/p>\n<p>Como refer\u00eancia para verificar a efetividade de nossa metodologia,\u00a0 solicite uma proposta ao nosso setor comercial.<\/p>\n<\/div><\/section><\/div><div  class='avia-button-wrap avia-button-left  avia-builder-el-6  el_after_av_one_full  avia-builder-el-last ' ><a href='https:\/\/brisot.com.br\/web\/contato?palestras_incompany=207185'  class='avia-button  avia-color-orange   avia-icon_select-no avia-size-large avia-position-left '   ><span class='avia_iconbox_title' >SOLICITE SUA PROPOSTA<\/span><\/a><\/div><\/p>\n","protected":false},"excerpt":{"rendered":"","protected":false},"author":1,"featured_media":335,"parent":0,"menu_order":0,"comment_status":"closed","ping_status":"closed","template":"","meta":{"footnotes":""},"class_list":["post-334","page","type-page","status-publish","has-post-thumbnail","hentry"],"_links":{"self":[{"href":"https:\/\/aprovacao.website\/brisot\/wp-json\/wp\/v2\/pages\/334","targetHints":{"allow":["GET"]}}],"collection":[{"href":"https:\/\/aprovacao.website\/brisot\/wp-json\/wp\/v2\/pages"}],"about":[{"href":"https:\/\/aprovacao.website\/brisot\/wp-json\/wp\/v2\/types\/page"}],"author":[{"embeddable":true,"href":"https:\/\/aprovacao.website\/brisot\/wp-json\/wp\/v2\/users\/1"}],"replies":[{"embeddable":true,"href":"https:\/\/aprovacao.website\/brisot\/wp-json\/wp\/v2\/comments?post=334"}],"version-history":[{"count":1,"href":"https:\/\/aprovacao.website\/brisot\/wp-json\/wp\/v2\/pages\/334\/revisions"}],"predecessor-version":[{"id":336,"href":"https:\/\/aprovacao.website\/brisot\/wp-json\/wp\/v2\/pages\/334\/revisions\/336"}],"wp:featuredmedia":[{"embeddable":true,"href":"https:\/\/aprovacao.website\/brisot\/wp-json\/wp\/v2\/media\/335"}],"wp:attachment":[{"href":"https:\/\/aprovacao.website\/brisot\/wp-json\/wp\/v2\/media?parent=334"}],"curies":[{"name":"wp","href":"https:\/\/api.w.org\/{rel}","templated":true}]}}