{"id":316,"date":"2021-08-03T20:05:22","date_gmt":"2021-08-03T20:05:22","guid":{"rendered":"https:\/\/aprovacao.website\/brisot\/?page_id=316"},"modified":"2021-08-03T20:16:07","modified_gmt":"2021-08-03T20:16:07","slug":"gestao-de-risco","status":"publish","type":"page","link":"https:\/\/aprovacao.website\/brisot\/gestao-de-risco\/","title":{"rendered":"Gest\u00e3o de Risco"},"content":{"rendered":"<div   data-size='featured_large'  data-lightbox_size='large'  data-animation='fade'  data-conditional_play=''  data-ids='317'  data-video_counter='0'  data-autoplay='true'  data-bg_slider='false'  data-slide_height=''  data-handle='av_slideshow'  data-interval='5'  data-class=' avia-builder-el-0  el_before_av_one_full  avia-builder-el-first  '  data-el_id=''  data-css_id=''  data-scroll_down=''  data-control_layout='av-control-hidden'  data-custom_markup=''  data-perma_caption=''  data-autoplay_stopper=''  data-image_attachment=''  data-min_height='0px'  data-lazy_loading='disabled'  data-default-height='42'  class='avia-slideshow avia-slideshow-1  av-control-hidden av-default-height-applied avia-slideshow-featured_large av_slideshow  avia-builder-el-0  el_before_av_one_full  avia-builder-el-first   avia-fade-slider '  itemprop=\"image\" itemscope=\"itemscope\" itemtype=\"https:\/\/schema.org\/ImageObject\" ><ul class='avia-slideshow-inner ' style='padding-bottom: 25.860155382908%;' ><li  class=' av-single-slide slide-1 ' ><div data-rel='slideshow-1' class='avia-slide-wrap '   ><img decoding=\"async\" class=\"wp-image-317 avia-img-lazy-loading-not-317\"  src=\"https:\/\/aprovacao.website\/brisot\/wp-content\/uploads\/2021\/08\/gestao-de-risco.png\" width=\"901\" height=\"233\" title='gestao-de-risco' alt=''  itemprop=\"thumbnailUrl\" srcset=\"https:\/\/aprovacao.website\/brisot\/wp-content\/uploads\/2021\/08\/gestao-de-risco.png 901w, https:\/\/aprovacao.website\/brisot\/wp-content\/uploads\/2021\/08\/gestao-de-risco-300x78.png 300w, https:\/\/aprovacao.website\/brisot\/wp-content\/uploads\/2021\/08\/gestao-de-risco-768x199.png 768w, https:\/\/aprovacao.website\/brisot\/wp-content\/uploads\/2021\/08\/gestao-de-risco-705x182.png 705w\" sizes=\"(max-width: 901px) 100vw, 901px\" \/><\/div><\/li><\/ul><\/div>\n<div class=\"flex_column av_one_full  av-animated-generic bottom-to-top  flex_column_div av-zero-column-padding first  avia-builder-el-1  el_after_av_slideshow  el_before_av_one_full  \" style='margin-top:0px; margin-bottom:0px; border-radius:0px; '><p><div  style='padding-bottom:0px; ' class='av-special-heading av-special-heading-h2  blockquote modern-quote  avia-builder-el-2  el_before_av_hr  avia-builder-el-first  '><h2 class='av-special-heading-tag '  itemprop=\"headline\"  >Gest\u00e3o de Risco<\/h2><div class='special-heading-border'><div class='special-heading-inner-border' ><\/div><\/div><\/div><br \/>\n<div  style=' margin-top:10px; margin-bottom:10px;'  class='hr hr-custom hr-left hr-icon-no   avia-builder-el-3  el_after_av_heading  avia-builder-el-last '><span class='hr-inner  inner-border-av-border-fat' style=' width:50px; border-color:#fe7300;' ><span class='hr-inner-style'><\/span><\/span><\/div><\/p><\/div><div class=\"flex_column av_one_full  av-animated-generic bottom-to-top  flex_column_div av-zero-column-padding first  avia-builder-el-4  el_after_av_one_full  el_before_av_button  column-top-margin\" style='margin-top:0px; margin-bottom:0px; border-radius:0px; '><section class=\"av_textblock_section \"  itemscope=\"itemscope\" itemtype=\"https:\/\/schema.org\/CreativeWork\" ><div class='avia_textblock  '   itemprop=\"text\" ><div class=\"itemHeader\">\n<p class=\"itemTitle\"><strong>NBR ISO 31000 \u2013 Gest\u00e3o do Risco<\/strong><\/p>\n<\/div>\n<div class=\"itemBody\">\n<div class=\"clr\">\n<p>Cada vez mais temos que conviver com riscos e oportunidades que podem impactar nas nossas vidas e em nossas organiza\u00e7\u00f5es,\u00a0provocando mudan\u00e7as nos\u00a0resultados e no alcance de objetivos e metas.<\/p>\n<p>Dessa forma um ambiente de neg\u00f3cios cada vez mais complexo,\u00a0com interfer\u00eancia cont\u00ednua com\u00a0os avan\u00e7os da tecnologia e as crescentes exig\u00eancias regulat\u00f3rias, um mundo de incertezas paira sobre o seu neg\u00f3cio.<\/p>\n<p>Portanto, uma\u00a0metodologia simples e eficaz, combinada com uma ferramenta de gest\u00e3o adequada s\u00e3o instrumentos\u00a0cruciais para identificar, avaliar e monitorar os riscos da sua empresa, estabelecer controles de mitiga\u00e7\u00e3o eficazes e investir em a\u00e7\u00f5es preventivas que busquem a melhor forma de evitar surpresas desagrad\u00e1veis.<\/p>\n<p>A ades\u00e3o das diretrizes da NBR ISO 31000 em sua empresa pode fazer a diferen\u00e7a e evitar que impactos indesej\u00e1veis ocorram. Essa norma \u00e9 totalmente harmonizada aos diversos sistemas de gest\u00e3o ISO e pode auxiliar e melhorar muito a implementa\u00e7\u00e3o e manuten\u00e7\u00e3o desses requisitos.<\/p>\n<p>Procure-nos e pe\u00e7a uma proposta para consultoria, auditoria ou treinamento.<\/p>\n<\/div>\n<\/div>\n<\/div><\/section><\/div><div  class='avia-button-wrap avia-button-left  avia-builder-el-6  el_after_av_one_full  avia-builder-el-last ' ><a href='https:\/\/brisot.com.br\/web\/contato?palestras_incompany=207185'  class='avia-button  avia-color-orange   avia-icon_select-no avia-size-large avia-position-left '   ><span class='avia_iconbox_title' >SOLICITE SUA PROPOSTA<\/span><\/a><\/div><\/p>\n","protected":false},"excerpt":{"rendered":"","protected":false},"author":1,"featured_media":317,"parent":0,"menu_order":0,"comment_status":"closed","ping_status":"closed","template":"","meta":{"footnotes":""},"class_list":["post-316","page","type-page","status-publish","has-post-thumbnail","hentry"],"_links":{"self":[{"href":"https:\/\/aprovacao.website\/brisot\/wp-json\/wp\/v2\/pages\/316","targetHints":{"allow":["GET"]}}],"collection":[{"href":"https:\/\/aprovacao.website\/brisot\/wp-json\/wp\/v2\/pages"}],"about":[{"href":"https:\/\/aprovacao.website\/brisot\/wp-json\/wp\/v2\/types\/page"}],"author":[{"embeddable":true,"href":"https:\/\/aprovacao.website\/brisot\/wp-json\/wp\/v2\/users\/1"}],"replies":[{"embeddable":true,"href":"https:\/\/aprovacao.website\/brisot\/wp-json\/wp\/v2\/comments?post=316"}],"version-history":[{"count":1,"href":"https:\/\/aprovacao.website\/brisot\/wp-json\/wp\/v2\/pages\/316\/revisions"}],"predecessor-version":[{"id":318,"href":"https:\/\/aprovacao.website\/brisot\/wp-json\/wp\/v2\/pages\/316\/revisions\/318"}],"wp:featuredmedia":[{"embeddable":true,"href":"https:\/\/aprovacao.website\/brisot\/wp-json\/wp\/v2\/media\/317"}],"wp:attachment":[{"href":"https:\/\/aprovacao.website\/brisot\/wp-json\/wp\/v2\/media?parent=316"}],"curies":[{"name":"wp","href":"https:\/\/api.w.org\/{rel}","templated":true}]}}