{"id":312,"date":"2021-08-03T20:00:45","date_gmt":"2021-08-03T20:00:45","guid":{"rendered":"https:\/\/aprovacao.website\/brisot\/?page_id=312"},"modified":"2021-08-03T20:01:44","modified_gmt":"2021-08-03T20:01:44","slug":"fsc-cerflor","status":"publish","type":"page","link":"https:\/\/aprovacao.website\/brisot\/fsc-cerflor\/","title":{"rendered":"FSC &#8211; Cerflor"},"content":{"rendered":"<div   data-size='featured_large'  data-lightbox_size='large'  data-animation='fade'  data-conditional_play=''  data-ids='313'  data-video_counter='0'  data-autoplay='true'  data-bg_slider='false'  data-slide_height=''  data-handle='av_slideshow'  data-interval='5'  data-class=' avia-builder-el-0  el_before_av_one_full  avia-builder-el-first  '  data-el_id=''  data-css_id=''  data-scroll_down=''  data-control_layout='av-control-hidden'  data-custom_markup=''  data-perma_caption=''  data-autoplay_stopper=''  data-image_attachment=''  data-min_height='0px'  data-lazy_loading='disabled'  data-default-height='42'  class='avia-slideshow avia-slideshow-1  av-control-hidden av-default-height-applied avia-slideshow-featured_large av_slideshow  avia-builder-el-0  el_before_av_one_full  avia-builder-el-first   avia-fade-slider '  itemprop=\"image\" itemscope=\"itemscope\" itemtype=\"https:\/\/schema.org\/ImageObject\" ><ul class='avia-slideshow-inner ' style='padding-bottom: 25.860155382908%;' ><li  class=' av-single-slide slide-1 ' ><div data-rel='slideshow-1' class='avia-slide-wrap '   ><img decoding=\"async\" class=\"wp-image-313 avia-img-lazy-loading-not-313\"  src=\"https:\/\/aprovacao.website\/brisot\/wp-content\/uploads\/2021\/08\/fsc-cerflor.png\" width=\"901\" height=\"233\" title='fsc-cerflor' alt=''  itemprop=\"thumbnailUrl\" srcset=\"https:\/\/aprovacao.website\/brisot\/wp-content\/uploads\/2021\/08\/fsc-cerflor.png 901w, https:\/\/aprovacao.website\/brisot\/wp-content\/uploads\/2021\/08\/fsc-cerflor-300x78.png 300w, https:\/\/aprovacao.website\/brisot\/wp-content\/uploads\/2021\/08\/fsc-cerflor-768x199.png 768w, https:\/\/aprovacao.website\/brisot\/wp-content\/uploads\/2021\/08\/fsc-cerflor-705x182.png 705w\" sizes=\"(max-width: 901px) 100vw, 901px\" \/><\/div><\/li><\/ul><\/div>\n<div class=\"flex_column av_one_full  av-animated-generic bottom-to-top  flex_column_div av-zero-column-padding first  avia-builder-el-1  el_after_av_slideshow  el_before_av_one_full  \" style='margin-top:0px; margin-bottom:0px; border-radius:0px; '><p><div  style='padding-bottom:0px; ' class='av-special-heading av-special-heading-h2  blockquote modern-quote  avia-builder-el-2  el_before_av_hr  avia-builder-el-first  '><h2 class='av-special-heading-tag '  itemprop=\"headline\"  >FSC &#8211; Cerflor<\/h2><div class='special-heading-border'><div class='special-heading-inner-border' ><\/div><\/div><\/div><br \/>\n<div  style=' margin-top:10px; margin-bottom:10px;'  class='hr hr-custom hr-left hr-icon-no   avia-builder-el-3  el_after_av_heading  avia-builder-el-last '><span class='hr-inner  inner-border-av-border-fat' style=' width:50px; border-color:#fe7300;' ><span class='hr-inner-style'><\/span><\/span><\/div><\/p><\/div><div class=\"flex_column av_one_full  av-animated-generic bottom-to-top  flex_column_div av-zero-column-padding first  avia-builder-el-4  el_after_av_one_full  el_before_av_button  column-top-margin\" style='margin-top:0px; margin-bottom:0px; border-radius:0px; '><section class=\"av_textblock_section \"  itemscope=\"itemscope\" itemtype=\"https:\/\/schema.org\/CreativeWork\" ><div class='avia_textblock  '   itemprop=\"text\" ><p><strong>FSC &#8211; CERFLOR<br \/>\n<\/strong><br \/>\nNo Brasil, atualmente operam duas certificadoras no ramo florestal: FSC e CERFLOR &#8211; Programa desenvolvido com o apoio tecnol\u00f3gico do INMETRO e ABNT.<br \/>\nAs certifica\u00e7\u00f5es podem ser:<br \/>\nCertifica\u00e7\u00e3o Florestal FSC e CERFLOR &#8211; Garante que a floresta foi manejada de forma adequada, socialmente ben\u00e9fica, economicamente vi\u00e1vel e o cumprimento de todas as leis pertinentes vigentes, produzindo assim, a madeira certificada.<br \/>\nCertifica\u00e7\u00e3o de Cadeia de Cust\u00f3dia FSC &#8211; CERFLOR &#8211; permite colocar o selo verde no produto final. Este selo comprova aos compradores e consumidores a origem da mat\u00e9ria prima florestal, pois a certifica\u00e7\u00e3o da cadeia de cust\u00f3dia exige o rastreamento da mesma, desde a sua colheita at\u00e9 a comercializa\u00e7\u00e3o do produto acabado.<\/p>\n<p><strong>FSC<br \/>\n<\/strong><br \/>\nObedi\u00eancias as leis e princ\u00edpios da FSC<br \/>\nDireitos e responsabilidade de posse e uso<br \/>\nDireitos dos povos ind\u00edgenas<br \/>\nRela\u00e7\u00f5es comunit\u00e1rias e direitos dos trabalhadores<br \/>\nBenef\u00edcios da floresta<br \/>\nImpacto ambiental<br \/>\nPlano de Manejo<br \/>\nMonitoramento e Avalia\u00e7\u00e3o<br \/>\nManuten\u00e7\u00e3o de Florestas de alto valor de conserva\u00e7\u00e3o<br \/>\nPlanta\u00e7\u00f5es<\/p>\n<p><strong>CERFLOR<br \/>\n<\/strong><br \/>\nNBR 14789 &#8211; Manejo Florestal, princ\u00edpios, crit\u00e9rios e indicadores.<br \/>\nNBR 14790 &#8211; Manejo Florestal, cadeia de cust\u00f3dia.<br \/>\nNBR 14791 &#8211; Diretrizes para auditoria Florestal: Procedimento de auditoria de Manejo Florestal.<\/p>\n<p>Para maiores esclarecimentos a respeito de nossa metodologia e solicitar uma proposta, entre em contato com nosso setor comercial.<\/p>\n<\/div><\/section><\/div><div  class='avia-button-wrap avia-button-left  avia-builder-el-6  el_after_av_one_full  avia-builder-el-last ' ><a href='https:\/\/brisot.com.br\/web\/contato?palestras_incompany=207185'  class='avia-button  avia-color-orange   avia-icon_select-no avia-size-large avia-position-left '   ><span class='avia_iconbox_title' >SOLICITE SUA PROPOSTA<\/span><\/a><\/div><\/p>\n","protected":false},"excerpt":{"rendered":"","protected":false},"author":1,"featured_media":313,"parent":0,"menu_order":0,"comment_status":"closed","ping_status":"closed","template":"","meta":{"footnotes":""},"class_list":["post-312","page","type-page","status-publish","has-post-thumbnail","hentry"],"_links":{"self":[{"href":"https:\/\/aprovacao.website\/brisot\/wp-json\/wp\/v2\/pages\/312","targetHints":{"allow":["GET"]}}],"collection":[{"href":"https:\/\/aprovacao.website\/brisot\/wp-json\/wp\/v2\/pages"}],"about":[{"href":"https:\/\/aprovacao.website\/brisot\/wp-json\/wp\/v2\/types\/page"}],"author":[{"embeddable":true,"href":"https:\/\/aprovacao.website\/brisot\/wp-json\/wp\/v2\/users\/1"}],"replies":[{"embeddable":true,"href":"https:\/\/aprovacao.website\/brisot\/wp-json\/wp\/v2\/comments?post=312"}],"version-history":[{"count":1,"href":"https:\/\/aprovacao.website\/brisot\/wp-json\/wp\/v2\/pages\/312\/revisions"}],"predecessor-version":[{"id":314,"href":"https:\/\/aprovacao.website\/brisot\/wp-json\/wp\/v2\/pages\/312\/revisions\/314"}],"wp:featuredmedia":[{"embeddable":true,"href":"https:\/\/aprovacao.website\/brisot\/wp-json\/wp\/v2\/media\/313"}],"wp:attachment":[{"href":"https:\/\/aprovacao.website\/brisot\/wp-json\/wp\/v2\/media?parent=312"}],"curies":[{"name":"wp","href":"https:\/\/api.w.org\/{rel}","templated":true}]}}