{"id":140,"date":"2015-10-22T15:32:14","date_gmt":"2015-10-22T15:32:14","guid":{"rendered":"http:\/\/test.kriesi.at\/construction\/?page_id=140"},"modified":"2023-03-10T11:15:45","modified_gmt":"2023-03-10T14:15:45","slug":"brisotead","status":"publish","type":"page","link":"https:\/\/aprovacao.website\/brisot\/a-brisot\/brisotead\/","title":{"rendered":"Brisot Online"},"content":{"rendered":"<div   data-size='featured_large'  data-lightbox_size='large'  data-animation='fade'  data-conditional_play=''  data-ids='279'  data-video_counter='0'  data-autoplay='true'  data-bg_slider='false'  data-slide_height=''  data-handle='av_slideshow'  data-interval='5'  data-class=' avia-builder-el-0  el_before_av_one_full  avia-builder-el-first  '  data-el_id=''  data-css_id=''  data-scroll_down=''  data-control_layout='av-control-hidden'  data-custom_markup=''  data-perma_caption=''  data-autoplay_stopper=''  data-image_attachment=''  data-min_height='0px'  data-lazy_loading='disabled'  data-default-height='42'  class='avia-slideshow avia-slideshow-1  av-control-hidden av-default-height-applied avia-slideshow-featured_large av_slideshow  avia-builder-el-0  el_before_av_one_full  avia-builder-el-first   avia-fade-slider '  itemprop=\"image\" itemscope=\"itemscope\" itemtype=\"https:\/\/schema.org\/ImageObject\" ><ul class='avia-slideshow-inner ' style='padding-bottom: 53.47018572825%;' ><li  class=' av-single-slide slide-1 ' ><div data-rel='slideshow-1' class='avia-slide-wrap '   ><img decoding=\"async\" class=\"wp-image-279 avia-img-lazy-loading-not-279\"  src=\"https:\/\/aprovacao.website\/brisot\/wp-content\/uploads\/2021\/08\/imagens-brisot9.jpg\" width=\"1023\" height=\"547\" title='imagens-brisot9' alt=''  itemprop=\"thumbnailUrl\" srcset=\"https:\/\/aprovacao.website\/brisot\/wp-content\/uploads\/2021\/08\/imagens-brisot9.jpg 1023w, https:\/\/aprovacao.website\/brisot\/wp-content\/uploads\/2021\/08\/imagens-brisot9-300x160.jpg 300w, https:\/\/aprovacao.website\/brisot\/wp-content\/uploads\/2021\/08\/imagens-brisot9-768x411.jpg 768w, https:\/\/aprovacao.website\/brisot\/wp-content\/uploads\/2021\/08\/imagens-brisot9-705x377.jpg 705w\" sizes=\"(max-width: 1023px) 100vw, 1023px\" \/><\/div><\/li><\/ul><\/div>\n<div class=\"flex_column av_one_full  av-animated-generic bottom-to-top  flex_column_div av-zero-column-padding first  avia-builder-el-1  el_after_av_slideshow  el_before_av_one_full  \" style='margin-top:0px; margin-bottom:0px; border-radius:0px; '><p><div  style='padding-bottom:0px; ' class='av-special-heading av-special-heading-h2  blockquote modern-quote  avia-builder-el-2  el_before_av_hr  avia-builder-el-first  '><h2 class='av-special-heading-tag '  itemprop=\"headline\"  >Brisot Online<\/h2><div class='special-heading-border'><div class='special-heading-inner-border' ><\/div><\/div><\/div><br \/>\n<div  style=' margin-top:10px; margin-bottom:10px;'  class='hr hr-custom hr-left hr-icon-no   avia-builder-el-3  el_after_av_heading  avia-builder-el-last '><span class='hr-inner  inner-border-av-border-fat' style=' width:50px; border-color:#fb7300;' ><span class='hr-inner-style'><\/span><\/span><\/div><\/p><\/div><div class=\"flex_column av_one_full  av-animated-generic bottom-to-top  flex_column_div first  avia-builder-el-4  el_after_av_one_full  el_before_av_one_full  column-top-margin\" style='border-width:1px; border-color:#e1e1e1; border-style:solid; padding:20px; background-color:#fcfcfc; border-radius:0px; '><section class=\"av_textblock_section \"  itemscope=\"itemscope\" itemtype=\"https:\/\/schema.org\/CreativeWork\" ><div class='avia_textblock  '   itemprop=\"text\" ><p><em>&#8220;A proposta da\u00a0<strong>Brisot Online <\/strong>\u00e9 oferecer cursos que contribuam para o aumento do conhecimento e da qualidade profissional dos estudantes, com o desenvolvimento s\u00f3cio-econ\u00f4mico, com melhorias na condi\u00e7\u00e3o de vida do educando e na sua empregabilidade. Por isso, nosso desejo foi estampado em nosso slogan: seja melhor sempre.&#8221;<\/em><\/p>\n<p><strong>Eng\u00ba\u00a0 Val\u00e9rio Brisot<br \/>\nDiretor<\/strong><\/p>\n<\/div><\/section><\/div><div class=\"flex_column av_one_full  av-animated-generic bottom-to-top  flex_column_div av-zero-column-padding first  avia-builder-el-6  el_after_av_one_full  avia-builder-el-last  column-top-margin\" style='border-radius:0px; '><p><section class=\"av_textblock_section \"  itemscope=\"itemscope\" itemtype=\"https:\/\/schema.org\/CreativeWork\" ><div class='avia_textblock  '   itemprop=\"text\" ><p>Nossos cursos abordam temas ligados ao dia a dia profissional dos estudantes, atrav\u00e9s da modalidade de ensino \u00e0 dist\u00e2ncia (EAD), por meio da internet, com o uso de plataforma espec\u00edfica, mesclando textos, \u00e1udio, v\u00eddeos, exerc\u00edcios, f\u00f3runs, etc.<\/p>\n<p>O p\u00fablico-alvo \u00e9 preferencialmente de pessoas que j\u00e1 atuam no mercado de trabalho, que buscam ampliar sua forma de atua\u00e7\u00e3o profissional.<\/p>\n<p>Dentro dessa vis\u00e3o, a\u00a0<strong>Brisot Online<\/strong>\u00a0apresenta ferramentas que caminham para uma nova filosofia de trabalho, para desenvolvimento do indiv\u00edduo e integra\u00e7\u00e3o com suas a\u00e7\u00f5es profissionais, efetivando sua aprendizagem num contexto de aprender dentro de sua necessidade e de seu interesse.<\/p>\n<p>Ser cada vez melhor \u00e9 o que esperamos para nossos clientes e para n\u00f3s mesmos, assim:\u00a0<strong><em>seja sempre melhor.<\/em><\/strong><\/p>\n<p><img loading=\"lazy\" decoding=\"async\" class=\"alignnone wp-image-281\" src=\"https:\/\/aprovacao.website\/brisot\/wp-content\/uploads\/2021\/08\/brisot_logooficial_ead.jpg\" alt=\"\" width=\"179\" height=\"93\" srcset=\"https:\/\/aprovacao.website\/brisot\/wp-content\/uploads\/2021\/08\/brisot_logooficial_ead.jpg 865w, https:\/\/aprovacao.website\/brisot\/wp-content\/uploads\/2021\/08\/brisot_logooficial_ead-300x156.jpg 300w, https:\/\/aprovacao.website\/brisot\/wp-content\/uploads\/2021\/08\/brisot_logooficial_ead-768x400.jpg 768w, https:\/\/aprovacao.website\/brisot\/wp-content\/uploads\/2021\/08\/brisot_logooficial_ead-705x368.jpg 705w\" sizes=\"auto, (max-width: 179px) 100vw, 179px\" \/><\/p>\n<\/div><\/section><br \/>\n<div  id=\"avia-timeline-1\"  class='avia-timeline-container    avia-builder-el-8  el_after_av_textblock  avia-builder-el-last ' ><ul class='avia-timeline avia-timeline-vertical av-milestone-placement-alternate avia-timeline- avia_animate_when_almost_visible avia-timeline-animate'>\n<li  class='av-milestone av-animated-generic fade-in av-milestone-odd  av-milestone-valign-baseline '><h2 class='av-milestone-date  '  id='milestone-1'><strong>1<span class='av-milestone-indicator'style='background-color:#ed9e17; '><\/span><\/strong><\/h2><div class=\"av-milestone-icon-wrap\"><span class='milestone_icon avia-font-entypo-fontello' ><span class='milestone_inner' style='background-color:#ed9e17; '><i class='milestone-char' aria-hidden='true' data-av_icon='\ue841' data-av_iconfont='entypo-fontello'><\/i><\/span><\/span><\/div><article class='av-milestone-content-wrap'><div class='av-milestone-contentbox' ><header class=\"entry-content-header\"><h4  class=' '>MISS\u00c3O<\/h4><\/header><div class='av-milestone-content' ><p>Disponibilizar condi\u00e7\u00f5es t\u00e9cnicas para a dissemina\u00e7\u00e3o de informa\u00e7\u00f5es que elevem o conhecimento, a capacidade de trabalho e a qualidade do educando dentro da sua realidade, local e regional, bem como a sua qualidade de vida e empregabilidade.<\/p>\n<\/div><\/div><footer style='background-color:#ed9e17; ' class='entry-footer'><\/footer><\/article><\/li>\n<li  class='av-milestone av-animated-generic fade-in av-milestone-even  av-milestone-valign-baseline '><h2 class='av-milestone-date  '  id='milestone-2'><strong>2<span class='av-milestone-indicator'style='background-color:#ed9e17; '><\/span><\/strong><\/h2><article class='av-milestone-content-wrap'><div class='av-milestone-contentbox' ><header class=\"entry-content-header\"><h4  class=' '>VIS\u00c3O <\/h4><\/header><div class='av-milestone-content' ><p>Estar entre as primeiras op\u00e7\u00f5es de ensino pessoal e educa\u00e7\u00e3o empresarial a todos que necessitam desenvolver suas compet\u00eancias.<\/p>\n<\/div><\/div><footer style='background-color:#ed9e17; ' class='entry-footer'><\/footer><\/article><div class=\"av-milestone-icon-wrap\"><span class='milestone_icon avia-font-entypo-fontello' ><span class='milestone_inner' style='background-color:#ed9e17; '><i class='milestone-char' aria-hidden='true' data-av_icon='\ue841' data-av_iconfont='entypo-fontello'><\/i><\/span><\/span><\/div><h2 class='av-milestone-date  '  id='milestone-2'><strong>2<span class='av-milestone-indicator'style='background-color:#ed9e17; '><\/span><\/strong><\/h2><\/li>\n<li  class='av-milestone av-animated-generic fade-in av-milestone-odd  av-milestone-valign-baseline '><h2 class='av-milestone-date  '  id='milestone-3'><strong>3<span class='av-milestone-indicator'style='background-color:#ed9e17; '><\/span><\/strong><\/h2><div class=\"av-milestone-icon-wrap\"><span class='milestone_icon avia-font-entypo-fontello' ><span class='milestone_inner' style='background-color:#ed9e17; '><i class='milestone-char' aria-hidden='true' data-av_icon='\ue841' data-av_iconfont='entypo-fontello'><\/i><\/span><\/span><\/div><article class='av-milestone-content-wrap'><div class='av-milestone-contentbox' ><header class=\"entry-content-header\"><h4  class=' '>VALORES<\/h4><\/header><div class='av-milestone-content' ><ul>\n<li>Agilidade e acessibilidade;<\/li>\n<li>Desenvolvimento social, humano e econ\u00f4mico;<\/li>\n<li>Respeito aos princ\u00edpios \u00e9ticos e morais;<\/li>\n<li>Fomento \u00e0 criatividade;<\/li>\n<li>Desenvolvimento do empreendedorismo<strong>.<\/strong><\/li>\n<\/ul>\n<\/div><\/div><footer style='background-color:#ed9e17; ' class='entry-footer'><\/footer><\/article><\/li>\n<\/ul><\/div><\/p><\/div><\/p>\n","protected":false},"excerpt":{"rendered":"","protected":false},"author":1,"featured_media":279,"parent":25,"menu_order":0,"comment_status":"closed","ping_status":"closed","template":"","meta":{"footnotes":""},"class_list":["post-140","page","type-page","status-publish","has-post-thumbnail","hentry"],"_links":{"self":[{"href":"https:\/\/aprovacao.website\/brisot\/wp-json\/wp\/v2\/pages\/140","targetHints":{"allow":["GET"]}}],"collection":[{"href":"https:\/\/aprovacao.website\/brisot\/wp-json\/wp\/v2\/pages"}],"about":[{"href":"https:\/\/aprovacao.website\/brisot\/wp-json\/wp\/v2\/types\/page"}],"author":[{"embeddable":true,"href":"https:\/\/aprovacao.website\/brisot\/wp-json\/wp\/v2\/users\/1"}],"replies":[{"embeddable":true,"href":"https:\/\/aprovacao.website\/brisot\/wp-json\/wp\/v2\/comments?post=140"}],"version-history":[{"count":5,"href":"https:\/\/aprovacao.website\/brisot\/wp-json\/wp\/v2\/pages\/140\/revisions"}],"predecessor-version":[{"id":696,"href":"https:\/\/aprovacao.website\/brisot\/wp-json\/wp\/v2\/pages\/140\/revisions\/696"}],"up":[{"embeddable":true,"href":"https:\/\/aprovacao.website\/brisot\/wp-json\/wp\/v2\/pages\/25"}],"wp:featuredmedia":[{"embeddable":true,"href":"https:\/\/aprovacao.website\/brisot\/wp-json\/wp\/v2\/media\/279"}],"wp:attachment":[{"href":"https:\/\/aprovacao.website\/brisot\/wp-json\/wp\/v2\/media?parent=140"}],"curies":[{"name":"wp","href":"https:\/\/api.w.org\/{rel}","templated":true}]}}